Last updated on 2024-07-01 03:49:06 CEST.
Flavor | Version | Tinstall | Tcheck | Ttotal | Status | Flags |
---|---|---|---|---|---|---|
r-devel-linux-x86_64-debian-clang | 1.0-3 | 10.99 | 129.75 | 140.74 | NOTE | |
r-devel-linux-x86_64-debian-gcc | 1.0-3 | 10.45 | 94.41 | 104.86 | NOTE | |
r-devel-linux-x86_64-fedora-clang | 1.0-3 | 178.13 | NOTE | |||
r-devel-linux-x86_64-fedora-gcc | 1.0-3 | 169.39 | NOTE | |||
r-devel-windows-x86_64 | 1.0-3 | 13.00 | 114.00 | 127.00 | NOTE | |
r-patched-linux-x86_64 | 1.0-3 | 10.03 | 122.31 | 132.34 | NOTE | |
r-release-linux-x86_64 | 1.0-3 | 9.25 | 122.98 | 132.23 | NOTE | |
r-release-macos-arm64 | 1.0-3 | 51.00 | NOTE | |||
r-release-macos-x86_64 | 1.0-3 | 97.00 | NOTE | |||
r-release-windows-x86_64 | 1.0-3 | 13.00 | 117.00 | 130.00 | NOTE | |
r-oldrel-macos-arm64 | 1.0-3 | 57.00 | NOTE | |||
r-oldrel-macos-x86_64 | 1.0-3 | 88.00 | NOTE | |||
r-oldrel-windows-x86_64 | 1.0-3 | 16.00 | 138.00 | 154.00 | NOTE |
Version: 1.0-3
Check: package dependencies
Result: NOTE
Package suggested but not available for checking: ‘kerdiest’
Flavors: r-devel-linux-x86_64-debian-clang, r-devel-linux-x86_64-debian-gcc, r-devel-linux-x86_64-fedora-clang, r-devel-linux-x86_64-fedora-gcc, r-devel-windows-x86_64, r-patched-linux-x86_64, r-release-linux-x86_64, r-release-macos-arm64, r-release-macos-x86_64, r-release-windows-x86_64, r-oldrel-macos-arm64, r-oldrel-windows-x86_64
Version: 1.0-3
Check: data for non-ASCII characters
Result: NOTE
Note: found 55 marked UTF-8 strings
Flavors: r-devel-linux-x86_64-fedora-clang, r-devel-linux-x86_64-fedora-gcc
Version: 1.0-3
Check: package dependencies
Result: NOTE
Packages suggested but not available for checking:
'sirt', 'kerdiest', 'car', 'mitml'
Flavor: r-oldrel-macos-x86_64