Last updated on 2024-07-01 03:49:06 CEST.
Flavor | Version | Tinstall | Tcheck | Ttotal | Status | Flags |
---|---|---|---|---|---|---|
r-devel-linux-x86_64-debian-clang | 2.0.2 | 17.35 | 127.10 | 144.45 | NOTE | |
r-devel-linux-x86_64-debian-gcc | 2.0.2 | 12.98 | 95.05 | 108.03 | NOTE | |
r-devel-linux-x86_64-fedora-clang | 2.0.2 | 184.43 | NOTE | |||
r-devel-linux-x86_64-fedora-gcc | 2.0.2 | 148.46 | NOTE | |||
r-devel-windows-x86_64 | 2.0.2 | 13.00 | 103.00 | 116.00 | NOTE | |
r-patched-linux-x86_64 | 2.0.2 | 15.91 | 123.62 | 139.53 | NOTE | |
r-release-linux-x86_64 | 2.0.2 | 9.54 | 118.49 | 128.03 | NOTE | |
r-release-macos-arm64 | 2.0.2 | 51.00 | NOTE | |||
r-release-macos-x86_64 | 2.0.2 | 73.00 | NOTE | |||
r-release-windows-x86_64 | 2.0.2 | 16.00 | 120.00 | 136.00 | NOTE | |
r-oldrel-macos-arm64 | 2.0.2 | 52.00 | OK | |||
r-oldrel-macos-x86_64 | 2.0.2 | 85.00 | OK | |||
r-oldrel-windows-x86_64 | 2.0.2 | 17.00 | 123.00 | 140.00 | OK |
Version: 2.0.2
Check: Rd files
Result: NOTE
checkRd: (-1) complete.specimens.Rd:34: Lost braces
34 | \code{\link{align.missing}},code{\link{MissingGeoMorph}}
| ^
checkRd: (-1) missing.specimens.Rd:37: Lost braces
37 | \code{\link{align.missing}}, \{code{\link{MissingGeoMorph}}
| ^
Flavors: r-devel-linux-x86_64-debian-clang, r-devel-linux-x86_64-debian-gcc, r-devel-linux-x86_64-fedora-clang, r-devel-linux-x86_64-fedora-gcc, r-devel-windows-x86_64, r-patched-linux-x86_64, r-release-linux-x86_64, r-release-macos-arm64, r-release-macos-x86_64, r-release-windows-x86_64