Last updated on 2024-07-01 03:49:05 CEST.
Flavor | Version | Tinstall | Tcheck | Ttotal | Status | Flags |
---|---|---|---|---|---|---|
r-devel-linux-x86_64-debian-clang | 0.8-85 | 171.98 | 260.30 | 432.28 | NOTE | |
r-devel-linux-x86_64-debian-gcc | 0.8-85 | 128.86 | 187.54 | 316.40 | NOTE | |
r-devel-linux-x86_64-fedora-clang | 0.8-85 | 570.46 | NOTE | |||
r-devel-linux-x86_64-fedora-gcc | 0.8-85 | 570.61 | NOTE | |||
r-devel-windows-x86_64 | 0.8-85 | 128.00 | 191.00 | 319.00 | NOTE | |
r-patched-linux-x86_64 | 0.8-85 | 114.39 | 244.84 | 359.23 | NOTE | |
r-release-linux-x86_64 | 0.8-85 | 117.59 | 252.42 | 370.01 | NOTE | |
r-release-macos-arm64 | 0.8-85 | 112.00 | NOTE | |||
r-release-macos-x86_64 | 0.8-85 | 159.00 | NOTE | |||
r-release-windows-x86_64 | 0.8-85 | 123.00 | 197.00 | 320.00 | NOTE | |
r-oldrel-macos-arm64 | 0.8-85 | 122.00 | NOTE | |||
r-oldrel-macos-x86_64 | 0.8-85 | 207.00 | NOTE | |||
r-oldrel-windows-x86_64 | 0.8-85 | 159.00 | 240.00 | 399.00 | NOTE |
Version: 0.8-85
Check: C++ specification
Result: NOTE
Specified C++11: please drop specification unless essential
Flavors: r-devel-linux-x86_64-debian-clang, r-devel-linux-x86_64-debian-gcc, r-devel-linux-x86_64-fedora-clang, r-devel-linux-x86_64-fedora-gcc, r-devel-windows-x86_64, r-patched-linux-x86_64, r-release-linux-x86_64, r-release-macos-arm64, r-release-macos-x86_64, r-release-windows-x86_64, r-oldrel-macos-arm64, r-oldrel-macos-x86_64, r-oldrel-windows-x86_64
Version: 0.8-85
Check: installed package size
Result: NOTE
installed size is 8.3Mb
sub-directories of 1Mb or more:
libs 7.2Mb
Flavors: r-release-macos-arm64, r-release-macos-x86_64, r-oldrel-macos-arm64, r-oldrel-macos-x86_64