Last updated on 2024-07-02 15:50:41 CEST.
Flavor | Version | Tinstall | Tcheck | Ttotal | Status | Flags |
---|---|---|---|---|---|---|
r-devel-linux-x86_64-debian-clang | 0.6-2 | 3.48 | 31.36 | 34.84 | OK | |
r-devel-linux-x86_64-debian-gcc | 0.6-2 | 2.55 | 24.06 | 26.61 | OK | |
r-devel-linux-x86_64-fedora-clang | 0.6-2 | 43.68 | NOTE | |||
r-devel-linux-x86_64-fedora-gcc | 0.6-2 | 40.46 | OK | |||
r-devel-windows-x86_64 | 0.6-2 | 4.00 | 46.00 | 50.00 | OK | |
r-patched-linux-x86_64 | 0.6-2 | 3.04 | 29.56 | 32.60 | OK | |
r-release-linux-x86_64 | 0.6-2 | 3.36 | 28.84 | 32.20 | OK | |
r-release-macos-arm64 | 0.6-2 | 19.00 | OK | |||
r-release-macos-x86_64 | 0.6-2 | 25.00 | OK | |||
r-release-windows-x86_64 | 0.6-2 | 4.00 | 46.00 | 50.00 | OK | |
r-oldrel-macos-arm64 | 0.6-2 | 18.00 | OK | |||
r-oldrel-macos-x86_64 | 0.6-2 | 24.00 | OK | |||
r-oldrel-windows-x86_64 | 0.6-2 | 5.00 | 48.00 | 53.00 | OK |
Version: 0.6-2
Check: Rd cross-references
Result: NOTE
Undeclared package ‘surveillance’ in Rd xrefs
Flavor: r-devel-linux-x86_64-fedora-clang