Last updated on 2024-07-01 03:49:05 CEST.
Flavor | Version | Tinstall | Tcheck | Ttotal | Status | Flags |
---|---|---|---|---|---|---|
r-devel-linux-x86_64-debian-clang | 24.3.25 | 18.11 | 143.29 | 161.40 | NOTE | |
r-devel-linux-x86_64-debian-gcc | 24.3.25 | 16.32 | 104.97 | 121.29 | NOTE | |
r-devel-linux-x86_64-fedora-clang | 24.3.25 | 124.06 | OK | |||
r-devel-linux-x86_64-fedora-gcc | 24.3.25 | 111.84 | OK | |||
r-devel-windows-x86_64 | 24.3.25 | 18.00 | 107.00 | 125.00 | OK | |
r-patched-linux-x86_64 | 24.3.25 | 19.81 | 135.89 | 155.70 | NOTE | |
r-release-linux-x86_64 | 24.3.25 | 21.72 | 136.23 | 157.95 | NOTE | |
r-release-macos-arm64 | 24.3.25 | 63.00 | NOTE | |||
r-release-macos-x86_64 | 24.3.25 | 88.00 | NOTE | |||
r-release-windows-x86_64 | 24.3.25 | 19.00 | 108.00 | 127.00 | OK | |
r-oldrel-macos-arm64 | 24.3.25 | 61.00 | NOTE | |||
r-oldrel-macos-x86_64 | 24.3.25 | 145.00 | NOTE | |||
r-oldrel-windows-x86_64 | 24.3.25 | 25.00 | 134.00 | 159.00 | NOTE |
Version: 24.3.25
Check: package dependencies
Result: NOTE
Package suggested but not available for checking: ‘INLA’
Flavors: r-devel-linux-x86_64-debian-clang, r-devel-linux-x86_64-debian-gcc, r-release-linux-x86_64, r-release-macos-arm64, r-oldrel-macos-arm64, r-oldrel-macos-x86_64, r-oldrel-windows-x86_64
Version: 24.3.25
Check: package dependencies
Result: NOTE
Packages suggested but not available for checking: 'INLA', 'frailtypack'
Flavors: r-patched-linux-x86_64, r-release-macos-x86_64