Last updated on 2024-07-01 03:49:05 CEST.
Flavor | Version | Tinstall | Tcheck | Ttotal | Status | Flags |
---|---|---|---|---|---|---|
r-devel-linux-x86_64-debian-clang | 1.2.2 | 5.49 | 43.32 | 48.81 | OK | |
r-devel-linux-x86_64-debian-gcc | 1.2.2 | 5.81 | 32.80 | 38.61 | OK | |
r-devel-linux-x86_64-fedora-clang | 1.2.2 | 62.44 | NOTE | |||
r-devel-linux-x86_64-fedora-gcc | 1.2.2 | 58.68 | NOTE | |||
r-devel-windows-x86_64 | 1.2.2 | 8.00 | 59.00 | 67.00 | OK | |
r-patched-linux-x86_64 | 1.2.2 | 5.74 | 40.58 | 46.32 | OK | |
r-release-linux-x86_64 | 1.2.2 | 4.05 | 42.10 | 46.15 | OK | |
r-release-macos-arm64 | 1.2.2 | 27.00 | NOTE | |||
r-release-macos-x86_64 | 1.2.2 | 36.00 | NOTE | |||
r-release-windows-x86_64 | 1.2.2 | 7.00 | 58.00 | 65.00 | OK | |
r-oldrel-macos-arm64 | 1.2.2 | 27.00 | OK | |||
r-oldrel-macos-x86_64 | 1.2.2 | 39.00 | NOTE | |||
r-oldrel-windows-x86_64 | 1.2.2 | 10.00 | 64.00 | 74.00 | OK |
Version: 1.2.2
Check: data for non-ASCII characters
Result: NOTE
Note: found 2 marked UTF-8 strings
Flavors: r-devel-linux-x86_64-fedora-clang, r-devel-linux-x86_64-fedora-gcc
Version: 1.2.2
Check: installed package size
Result: NOTE
installed size is 5.8Mb
sub-directories of 1Mb or more:
data 5.5Mb
Flavors: r-release-macos-arm64, r-release-macos-x86_64, r-oldrel-macos-x86_64