Last updated on 2024-07-01 03:49:05 CEST.
Flavor | Version | Tinstall | Tcheck | Ttotal | Status | Flags |
---|---|---|---|---|---|---|
r-devel-linux-x86_64-debian-clang | 0.3.4 | 18.82 | 101.21 | 120.03 | OK | |
r-devel-linux-x86_64-debian-gcc | 0.3.4 | 15.24 | 74.71 | 89.95 | OK | |
r-devel-linux-x86_64-fedora-clang | 0.3.4 | 155.00 | NOTE | |||
r-devel-linux-x86_64-fedora-gcc | 0.3.4 | 145.84 | OK | |||
r-devel-windows-x86_64 | 0.3.4 | 16.00 | 86.00 | 102.00 | OK | |
r-patched-linux-x86_64 | 0.3.4 | 16.10 | 94.03 | 110.13 | OK | |
r-release-linux-x86_64 | 0.3.4 | 12.53 | 94.00 | 106.53 | OK | |
r-release-macos-arm64 | 0.3.4 | 42.00 | OK | |||
r-release-macos-x86_64 | 0.3.4 | 67.00 | OK | |||
r-release-windows-x86_64 | 0.3.4 | 17.00 | 86.00 | 103.00 | OK | |
r-oldrel-macos-arm64 | 0.3.4 | 47.00 | OK | |||
r-oldrel-macos-x86_64 | 0.3.4 | 76.00 | OK | |||
r-oldrel-windows-x86_64 | 0.3.4 | 22.00 | 103.00 | 125.00 | OK |
Version: 0.3.4
Check: package dependencies
Result: NOTE
Imports includes 31 non-default packages.
Importing from so many packages makes the package vulnerable to any of
them becoming unavailable. Move as many as possible to Suggests and
use conditionally.
Flavor: r-devel-linux-x86_64-fedora-clang