Last updated on 2024-07-01 03:49:04 CEST.
Flavor | Version | Tinstall | Tcheck | Ttotal | Status | Flags |
---|---|---|---|---|---|---|
r-devel-linux-x86_64-debian-clang | 0.8.14 | 7.03 | 56.28 | 63.31 | OK | |
r-devel-linux-x86_64-debian-gcc | 0.8.14 | 7.09 | 43.60 | 50.69 | OK | |
r-devel-linux-x86_64-fedora-clang | 0.8.14 | 80.99 | OK | |||
r-devel-linux-x86_64-fedora-gcc | 0.8.14 | 90.10 | OK | |||
r-devel-windows-x86_64 | 0.8.14 | 8.00 | 66.00 | 74.00 | OK | |
r-patched-linux-x86_64 | 0.8.14 | 6.71 | 52.82 | 59.53 | OK | |
r-release-linux-x86_64 | 0.8.14 | 6.64 | 53.27 | 59.91 | OK | |
r-release-macos-arm64 | 0.8.14 | 48.00 | NOTE | |||
r-release-macos-x86_64 | 0.8.14 | 51.00 | NOTE | |||
r-release-windows-x86_64 | 0.8.14 | 8.00 | 66.00 | 74.00 | OK | |
r-oldrel-macos-arm64 | 0.8.14 | 56.00 | NOTE | |||
r-oldrel-macos-x86_64 | 0.8.14 | 118.00 | NOTE | |||
r-oldrel-windows-x86_64 | 0.8.14 | 9.00 | 73.00 | 82.00 | NOTE |
Version: 0.8.14
Check: installed package size
Result: NOTE
installed size is 5.1Mb
sub-directories of 1Mb or more:
data 4.7Mb
Flavors: r-release-macos-arm64, r-release-macos-x86_64, r-oldrel-macos-arm64, r-oldrel-macos-x86_64, r-oldrel-windows-x86_64