Last updated on 2024-07-01 03:49:04 CEST.
Flavor | Version | Tinstall | Tcheck | Ttotal | Status | Flags |
---|---|---|---|---|---|---|
r-devel-linux-x86_64-debian-clang | 1.1.3 | 22.27 | 96.26 | 118.53 | OK | |
r-devel-linux-x86_64-debian-gcc | 1.1.3 | 19.33 | 73.53 | 92.86 | OK | |
r-devel-linux-x86_64-fedora-clang | 1.1.3 | 156.07 | OK | |||
r-devel-linux-x86_64-fedora-gcc | 1.1.3 | 155.19 | OK | |||
r-devel-windows-x86_64 | 1.1.3 | 23.00 | 83.00 | 106.00 | OK | |
r-patched-linux-x86_64 | 1.1.3 | 23.53 | 91.11 | 114.64 | OK | |
r-release-linux-x86_64 | 1.1.3 | 20.45 | 95.31 | 115.76 | OK | |
r-release-macos-arm64 | 1.1.3 | 54.00 | NOTE | |||
r-release-macos-x86_64 | 1.1.3 | 81.00 | NOTE | |||
r-release-windows-x86_64 | 1.1.3 | 24.00 | 85.00 | 109.00 | OK | |
r-oldrel-macos-arm64 | 1.1.3 | 64.00 | OK | |||
r-oldrel-macos-x86_64 | 1.1.3 | 83.00 | NOTE | |||
r-oldrel-windows-x86_64 | 1.1.3 | 27.00 | 104.00 | 131.00 | OK |
Version: 1.1.3
Check: installed package size
Result: NOTE
installed size is 5.1Mb
sub-directories of 1Mb or more:
data 4.7Mb
Flavors: r-release-macos-arm64, r-release-macos-x86_64, r-oldrel-macos-x86_64