Last updated on 2024-07-01 03:49:03 CEST.
Flavor | Version | Tinstall | Tcheck | Ttotal | Status | Flags |
---|---|---|---|---|---|---|
r-devel-linux-x86_64-debian-clang | 2.1.7 | 112.53 | 347.09 | 459.62 | NOTE | |
r-devel-linux-x86_64-debian-gcc | 2.1.7 | 82.81 | 261.56 | 344.37 | NOTE | |
r-devel-linux-x86_64-fedora-clang | 2.1.7 | 583.35 | NOTE | |||
r-devel-linux-x86_64-fedora-gcc | 2.1.7 | 592.08 | NOTE | |||
r-devel-windows-x86_64 | 2.1.7 | 100.00 | 286.00 | 386.00 | NOTE | |
r-patched-linux-x86_64 | 2.1.7 | 98.90 | 324.76 | 423.66 | NOTE | |
r-release-linux-x86_64 | 2.1.7 | 71.63 | 342.17 | 413.80 | NOTE | |
r-release-macos-arm64 | 2.1.7 | 137.00 | NOTE | |||
r-release-macos-x86_64 | 2.1.7 | 221.00 | NOTE | |||
r-release-windows-x86_64 | 2.1.7 | 97.00 | 291.00 | 388.00 | NOTE | |
r-oldrel-macos-arm64 | 2.1.7 | 159.00 | NOTE | |||
r-oldrel-macos-x86_64 | 2.1.7 | 283.00 | NOTE | |||
r-oldrel-windows-x86_64 | 2.1.7 | 118.00 | 323.00 | 441.00 | NOTE |
Version: 2.1.7
Check: C++ specification
Result: NOTE
Specified C++14: please drop specification unless essential
Flavors: r-devel-linux-x86_64-debian-clang, r-devel-linux-x86_64-debian-gcc, r-devel-linux-x86_64-fedora-clang, r-devel-linux-x86_64-fedora-gcc, r-devel-windows-x86_64, r-patched-linux-x86_64, r-release-linux-x86_64, r-release-macos-arm64, r-release-macos-x86_64, r-release-windows-x86_64, r-oldrel-macos-arm64, r-oldrel-macos-x86_64, r-oldrel-windows-x86_64
Version: 2.1.7
Check: Rd files
Result: NOTE
checkRd: (-1) simulate_admixture.Rd:36: Lost braces
36 | \code{location}{ location of the marker under selection (in Morgan) }
| ^
checkRd: (-1) simulate_ancestry.Rd:49: Lost braces
49 | \code{location}{ location of the marker under selection (in Morgan) }
| ^
checkRd: (-1) simulate_ancestry_migration.Rd:59: Lost braces
59 | \code{location}{ location of the marker under selection (in Morgan) }
| ^
checkRd: (-1) simulate_sequence.Rd:51: Lost braces
51 | \code{location}{ location of the marker under selection (in Morgan) }
| ^
checkRd: (-1) simulate_sequence_migration.Rd:58: Lost braces
58 | \code{location}{ location of the marker under selection (in Morgan) }
| ^
Flavors: r-devel-linux-x86_64-debian-clang, r-devel-linux-x86_64-debian-gcc, r-devel-linux-x86_64-fedora-clang, r-devel-linux-x86_64-fedora-gcc, r-devel-windows-x86_64, r-patched-linux-x86_64, r-release-linux-x86_64, r-release-macos-arm64, r-release-macos-x86_64, r-release-windows-x86_64
Version: 2.1.7
Check: dependencies in R code
Result: NOTE
Namespace in Imports field not imported from: ‘methods’
All declared Imports should be used.
Flavors: r-devel-linux-x86_64-fedora-clang, r-devel-linux-x86_64-fedora-gcc
Version: 2.1.7
Check: installed package size
Result: NOTE
installed size is 6.6Mb
sub-directories of 1Mb or more:
doc 2.0Mb
libs 4.0Mb
Flavors: r-release-macos-arm64, r-release-macos-x86_64, r-oldrel-macos-arm64, r-oldrel-macos-x86_64