Last updated on 2024-07-01 03:49:04 CEST.
Flavor | Version | Tinstall | Tcheck | Ttotal | Status | Flags |
---|---|---|---|---|---|---|
r-devel-linux-x86_64-debian-clang | 1.0.0 | 21.98 | 282.87 | 304.85 | OK | |
r-devel-linux-x86_64-debian-gcc | 1.0.0 | 16.04 | 199.10 | 215.14 | OK | |
r-devel-linux-x86_64-fedora-clang | 1.0.0 | 373.75 | NOTE | |||
r-devel-linux-x86_64-fedora-gcc | 1.0.0 | 379.60 | NOTE | |||
r-devel-windows-x86_64 | 1.0.0 | 19.00 | 192.00 | 211.00 | OK | |
r-patched-linux-x86_64 | 1.0.0 | 15.81 | 266.45 | 282.26 | OK | |
r-release-linux-x86_64 | 1.0.0 | 14.35 | 267.87 | 282.22 | OK | |
r-release-macos-arm64 | 1.0.0 | 125.00 | OK | |||
r-release-macos-x86_64 | 1.0.0 | 346.00 | OK | |||
r-release-windows-x86_64 | 1.0.0 | 19.00 | 199.00 | 218.00 | OK | |
r-oldrel-macos-arm64 | 1.0.0 | 150.00 | OK | |||
r-oldrel-macos-x86_64 | 1.0.0 | 425.00 | OK | |||
r-oldrel-windows-x86_64 | 1.0.0 | 23.00 | 262.00 | 285.00 | OK |
Version: 1.0.0
Check: dependencies in R code
Result: NOTE
Namespace in Imports field not imported from: ‘devtools’
All declared Imports should be used.
Flavors: r-devel-linux-x86_64-fedora-clang, r-devel-linux-x86_64-fedora-gcc