Last updated on 2024-07-01 03:49:03 CEST.
Flavor | Version | Tinstall | Tcheck | Ttotal | Status | Flags |
---|---|---|---|---|---|---|
r-devel-linux-x86_64-debian-clang | 0.2.6 | 182.16 | 132.73 | 314.89 | NOTE | |
r-devel-linux-x86_64-debian-gcc | 0.2.6 | 148.08 | 104.34 | 252.42 | NOTE | |
r-devel-linux-x86_64-fedora-clang | 0.2.6 | 431.95 | NOTE | |||
r-devel-linux-x86_64-fedora-gcc | 0.2.6 | 500.59 | NOTE | |||
r-devel-windows-x86_64 | 0.2.6 | 137.00 | 171.00 | 308.00 | NOTE | |
r-patched-linux-x86_64 | 0.2.6 | 169.82 | 140.69 | 310.51 | OK | |
r-release-linux-x86_64 | 0.2.6 | 169.08 | 141.44 | 310.52 | OK | |
r-release-macos-arm64 | 0.2.6 | 97.00 | NOTE | |||
r-release-macos-x86_64 | 0.2.6 | 122.00 | NOTE | |||
r-release-windows-x86_64 | 0.2.6 | 137.00 | 172.00 | 309.00 | OK | |
r-oldrel-macos-arm64 | 0.2.6 | 97.00 | NOTE | |||
r-oldrel-macos-x86_64 | 0.2.6 | 134.00 | NOTE | |||
r-oldrel-windows-x86_64 | 0.2.6 | 169.00 | 191.00 | 360.00 | OK |
Version: 0.2.6
Check: compiled code
Result: NOTE
File ‘GLMcat/libs/GLMcat.so’:
Found non-API call to R: ‘STRING_PTR’
Compiled code should not call non-API entry points in R.
See ‘Writing portable packages’ in the ‘Writing R Extensions’ manual.
See section ‘Moving into C API compliance’ in the ‘Writing R
Extensions’ manual for issues with use of non-API entry points.
Flavors: r-devel-linux-x86_64-debian-clang, r-devel-linux-x86_64-debian-gcc, r-devel-linux-x86_64-fedora-gcc
Version: 0.2.6
Check: dependencies in R code
Result: NOTE
Namespace in Imports field not imported from: ‘ordinal’
All declared Imports should be used.
Flavors: r-devel-linux-x86_64-fedora-clang, r-devel-linux-x86_64-fedora-gcc
Version: 0.2.6
Check: compiled code
Result: NOTE
File ‘GLMcat/libs/GLMcat.so’:
Found non-API call to R: ‘STRING_PTR’
Compiled code should not call non-API entry points in R.
See ‘Writing portable packages’ in the ‘Writing R Extensions’ manual,
and section ‘Moving into C API compliance’ for issues with the use of
non-API entry points.
Flavor: r-devel-linux-x86_64-fedora-clang
Version: 0.2.6
Check: compiled code
Result: NOTE
File 'GLMcat/libs/x64/GLMcat.dll':
Found non-API call to R: 'STRING_PTR'
Compiled code should not call non-API entry points in R.
See 'Writing portable packages' in the 'Writing R Extensions' manual.
See section 'Moving into C API compliance' in the 'Writing R
Extensions' manual for issues with use of non-API entry points.
Flavor: r-devel-windows-x86_64
Version: 0.2.6
Check: installed package size
Result: NOTE
installed size is 24.4Mb
sub-directories of 1Mb or more:
libs 23.9Mb
Flavors: r-release-macos-arm64, r-release-macos-x86_64, r-oldrel-macos-arm64, r-oldrel-macos-x86_64