Last updated on 2024-07-01 03:49:03 CEST.
Flavor | Version | Tinstall | Tcheck | Ttotal | Status | Flags |
---|---|---|---|---|---|---|
r-devel-linux-x86_64-debian-clang | 1.3.2 | 21.32 | 204.55 | 225.87 | OK | |
r-devel-linux-x86_64-debian-gcc | 1.3.2 | 12.85 | 149.01 | 161.86 | OK | |
r-devel-linux-x86_64-fedora-clang | 1.3.2 | 270.74 | NOTE | |||
r-devel-linux-x86_64-fedora-gcc | 1.3.2 | 269.19 | OK | |||
r-devel-windows-x86_64 | 1.3.2 | 16.00 | 176.00 | 192.00 | NOTE | |
r-patched-linux-x86_64 | 1.3.2 | 17.76 | 194.35 | 212.11 | OK | |
r-release-linux-x86_64 | 1.3.2 | 11.39 | 191.02 | 202.41 | OK | |
r-release-macos-arm64 | 1.3.2 | 361.00 | NOTE | |||
r-release-macos-x86_64 | 1.3.2 | 450.00 | NOTE | |||
r-release-windows-x86_64 | 1.3.2 | 17.00 | 176.00 | 193.00 | NOTE | |
r-oldrel-macos-arm64 | 1.3.2 | 349.00 | NOTE | |||
r-oldrel-macos-x86_64 | 1.3.2 | 480.00 | NOTE | |||
r-oldrel-windows-x86_64 | 1.3.2 | 20.00 | 208.00 | 228.00 | NOTE |
Version: 1.3.2
Check: installed package size
Result: NOTE
installed size is 6.1Mb
sub-directories of 1Mb or more:
doc 3.4Mb
help 2.5Mb
Flavors: r-devel-linux-x86_64-fedora-clang, r-devel-windows-x86_64, r-release-macos-arm64, r-release-macos-x86_64, r-release-windows-x86_64, r-oldrel-macos-arm64, r-oldrel-macos-x86_64, r-oldrel-windows-x86_64