Last updated on 2024-07-01 03:49:03 CEST.
Flavor | Version | Tinstall | Tcheck | Ttotal | Status | Flags |
---|---|---|---|---|---|---|
r-devel-linux-x86_64-debian-clang | 1.0.0 | 13.72 | 113.33 | 127.05 | NOTE | |
r-devel-linux-x86_64-debian-gcc | 1.0.0 | 11.36 | 83.42 | 94.78 | NOTE | |
r-devel-linux-x86_64-fedora-clang | 1.0.0 | 157.12 | NOTE | |||
r-devel-linux-x86_64-fedora-gcc | 1.0.0 | 154.60 | NOTE | |||
r-devel-windows-x86_64 | 1.0.0 | 12.00 | 102.00 | 114.00 | NOTE | |
r-patched-linux-x86_64 | 1.0.0 | 8.71 | 104.76 | 113.47 | NOTE | |
r-release-linux-x86_64 | 1.0.0 | 10.56 | 103.79 | 114.35 | NOTE | |
r-release-macos-arm64 | 1.0.0 | 46.00 | NOTE | |||
r-release-macos-x86_64 | 1.0.0 | 75.00 | NOTE | |||
r-release-windows-x86_64 | 1.0.0 | 14.00 | 104.00 | 118.00 | NOTE | |
r-oldrel-macos-arm64 | 1.0.0 | 50.00 | NOTE | |||
r-oldrel-macos-x86_64 | 1.0.0 | 86.00 | NOTE | |||
r-oldrel-windows-x86_64 | 1.0.0 | 16.00 | 125.00 | 141.00 | NOTE |
Version: 1.0.0
Check: Rd files
Result: NOTE
checkRd: (-1) constrained.Rd:37: Escaped LaTeX specials: \&
Flavors: r-devel-linux-x86_64-debian-clang, r-devel-linux-x86_64-debian-gcc, r-devel-linux-x86_64-fedora-clang, r-devel-linux-x86_64-fedora-gcc, r-devel-windows-x86_64, r-patched-linux-x86_64, r-release-linux-x86_64, r-release-macos-arm64, r-release-macos-x86_64, r-release-windows-x86_64, r-oldrel-macos-arm64, r-oldrel-macos-x86_64, r-oldrel-windows-x86_64
Version: 1.0.0
Check: dependencies in R code
Result: NOTE
Namespaces in Imports field not imported from:
‘Matrix’ ‘Rdpack’
All declared Imports should be used.
Flavors: r-devel-linux-x86_64-fedora-clang, r-devel-linux-x86_64-fedora-gcc