Last updated on 2024-07-01 03:49:03 CEST.
Flavor | Version | Tinstall | Tcheck | Ttotal | Status | Flags |
---|---|---|---|---|---|---|
r-devel-linux-x86_64-debian-clang | 0.1.3 | 6.61 | 66.36 | 72.97 | OK | |
r-devel-linux-x86_64-debian-gcc | 0.1.3 | 5.32 | 48.97 | 54.29 | OK | |
r-devel-linux-x86_64-fedora-clang | 0.1.3 | 89.55 | NOTE | |||
r-devel-linux-x86_64-fedora-gcc | 0.1.3 | 83.52 | OK | |||
r-devel-windows-x86_64 | 0.1.3 | 9.00 | 66.00 | 75.00 | OK | |
r-patched-linux-x86_64 | 0.1.3 | 5.47 | 62.58 | 68.05 | OK | |
r-release-linux-x86_64 | 0.1.3 | 5.39 | 63.02 | 68.41 | OK | |
r-release-macos-arm64 | 0.1.3 | 28.00 | OK | |||
r-release-macos-x86_64 | 0.1.3 | 40.00 | OK | |||
r-release-windows-x86_64 | 0.1.3 | 8.00 | 67.00 | 75.00 | OK | |
r-oldrel-macos-arm64 | 0.1.3 | 31.00 | OK | |||
r-oldrel-macos-x86_64 | 0.1.3 | 43.00 | OK | |||
r-oldrel-windows-x86_64 | 0.1.3 | 10.00 | 76.00 | 86.00 | OK |
Version: 0.1.3
Check: Rd cross-references
Result: NOTE
Undeclared package ‘gge’ in Rd xrefs
Flavor: r-devel-linux-x86_64-fedora-clang