Last updated on 2024-07-01 03:49:02 CEST.
Flavor | Version | Tinstall | Tcheck | Ttotal | Status | Flags |
---|---|---|---|---|---|---|
r-devel-linux-x86_64-debian-clang | 1.5 | 10.39 | 130.55 | 140.94 | OK | |
r-devel-linux-x86_64-debian-gcc | 1.5 | 7.87 | 96.11 | 103.98 | OK | |
r-devel-linux-x86_64-fedora-clang | 1.5 | 183.56 | OK | |||
r-devel-linux-x86_64-fedora-gcc | 1.5 | 179.68 | OK | |||
r-devel-windows-x86_64 | 1.5 | 12.00 | 112.00 | 124.00 | OK | |
r-patched-linux-x86_64 | 1.5 | 9.57 | 121.85 | 131.42 | OK | |
r-release-linux-x86_64 | 1.5 | 6.73 | 124.92 | 131.65 | OK | |
r-release-macos-arm64 | 1.5 | 58.00 | OK | |||
r-release-macos-x86_64 | 1.5 | 138.00 | NOTE | |||
r-release-windows-x86_64 | 1.5 | 11.00 | 115.00 | 126.00 | OK | |
r-oldrel-macos-arm64 | 1.5 | 75.00 | OK | |||
r-oldrel-macos-x86_64 | 1.5 | 205.00 | NOTE | |||
r-oldrel-windows-x86_64 | 1.5 | 15.00 | 134.00 | 149.00 | OK |
Version: 1.5
Check: installed package size
Result: NOTE
installed size is 5.2Mb
sub-directories of 1Mb or more:
data 2.6Mb
doc 2.0Mb
Flavors: r-release-macos-x86_64, r-oldrel-macos-x86_64