Last updated on 2024-07-01 03:49:02 CEST.
Flavor | Version | Tinstall | Tcheck | Ttotal | Status | Flags |
---|---|---|---|---|---|---|
r-devel-linux-x86_64-debian-clang | 0.1.2 | 15.08 | 100.99 | 116.07 | NOTE | |
r-devel-linux-x86_64-debian-gcc | 0.1.2 | 11.25 | 74.41 | 85.66 | NOTE | |
r-devel-linux-x86_64-fedora-clang | 0.1.2 | 141.13 | NOTE | |||
r-devel-linux-x86_64-fedora-gcc | 0.1.2 | 145.15 | NOTE | |||
r-devel-windows-x86_64 | 0.1.2 | 13.00 | 101.00 | 114.00 | NOTE | |
r-patched-linux-x86_64 | 0.1.2 | 12.89 | 93.00 | 105.89 | NOTE | |
r-release-linux-x86_64 | 0.1.2 | 15.63 | 92.43 | 108.06 | NOTE | |
r-release-macos-arm64 | 0.1.2 | 45.00 | NOTE | |||
r-release-macos-x86_64 | 0.1.2 | 73.00 | NOTE | |||
r-release-windows-x86_64 | 0.1.2 | 12.00 | 98.00 | 110.00 | NOTE | |
r-oldrel-macos-arm64 | 0.1.2 | 49.00 | OK | |||
r-oldrel-macos-x86_64 | 0.1.2 | 81.00 | OK | |||
r-oldrel-windows-x86_64 | 0.1.2 | 13.00 | 116.00 | 129.00 | OK |
Version: 0.1.2
Check: Rd files
Result: NOTE
checkRd: (-1) fun-igraph_financial.Rd:34: Lost braces; missing escapes or markup?
34 | The same result for both \code{igraph} and {igraph_financial} objects
| ^
checkRd: (-1) igraph_E_iterators.Rd:31: Lost braces; missing escapes or markup?
31 | The same result for both \code{igraph} and {igraph_financial} objects
| ^
checkRd: (-1) igraph_v_iterators.Rd:29: Lost braces; missing escapes or markup?
29 | The same result for both \code{igraph} and {igraph_financial} objects
| ^
checkRd: (-1) plot_igraph-methods.Rd:22: Lost braces
22 | Methods to extend code{igraph}'s plotting functions to \code{igraph_financial} objects
| ^
checkRd: (-1) plot_igraph-methods.Rd:19: Lost braces; missing escapes or markup?
19 | For both \code{igraph} and {igraph_financial} objects, returns NULL invisibly. It is called to print the graph to any R device. (see method and \href{https://rdrr.io/cran/igraph/man/plot.igraph.html}{igraph::plot.igraph})
| ^
Flavors: r-devel-linux-x86_64-debian-clang, r-devel-linux-x86_64-debian-gcc, r-devel-linux-x86_64-fedora-clang, r-devel-linux-x86_64-fedora-gcc, r-devel-windows-x86_64, r-patched-linux-x86_64, r-release-linux-x86_64, r-release-macos-arm64, r-release-macos-x86_64, r-release-windows-x86_64