Last updated on 2024-07-01 03:49:02 CEST.
Flavor | Version | Tinstall | Tcheck | Ttotal | Status | Flags |
---|---|---|---|---|---|---|
r-devel-linux-x86_64-debian-clang | 0.0.6 | 49.29 | 110.98 | 160.27 | NOTE | |
r-devel-linux-x86_64-debian-gcc | 0.0.6 | 37.18 | 76.95 | 114.13 | NOTE | |
r-devel-linux-x86_64-fedora-clang | 0.0.6 | 211.44 | NOTE | |||
r-devel-linux-x86_64-fedora-gcc | 0.0.6 | 238.16 | NOTE | |||
r-devel-windows-x86_64 | 0.0.6 | 38.00 | 132.00 | 170.00 | NOTE | |
r-patched-linux-x86_64 | 0.0.6 | 46.14 | 106.79 | 152.93 | NOTE | |
r-release-linux-x86_64 | 0.0.6 | 44.16 | 112.65 | 156.81 | NOTE | |
r-release-macos-arm64 | 0.0.6 | 55.00 | NOTE | |||
r-release-macos-x86_64 | 0.0.6 | 98.00 | NOTE | |||
r-release-windows-x86_64 | 0.0.6 | 37.00 | 119.00 | 156.00 | NOTE | |
r-oldrel-macos-arm64 | 0.0.6 | 63.00 | NOTE | |||
r-oldrel-macos-x86_64 | 0.0.6 | 102.00 | NOTE | |||
r-oldrel-windows-x86_64 | 0.0.6 | 46.00 | 139.00 | 185.00 | NOTE |
Version: 0.0.6
Check: C++ specification
Result: NOTE
Specified C++11: please drop specification unless essential
Flavors: r-devel-linux-x86_64-debian-clang, r-devel-linux-x86_64-debian-gcc, r-devel-linux-x86_64-fedora-clang, r-devel-linux-x86_64-fedora-gcc, r-devel-windows-x86_64, r-patched-linux-x86_64, r-release-linux-x86_64, r-release-macos-arm64, r-release-macos-x86_64, r-release-windows-x86_64, r-oldrel-macos-arm64, r-oldrel-macos-x86_64, r-oldrel-windows-x86_64
Version: 0.0.6
Check: LazyData
Result: NOTE
'LazyData' is specified without a 'data' directory
Flavors: r-devel-linux-x86_64-debian-clang, r-devel-linux-x86_64-debian-gcc, r-devel-linux-x86_64-fedora-clang, r-devel-linux-x86_64-fedora-gcc, r-devel-windows-x86_64, r-patched-linux-x86_64, r-release-linux-x86_64, r-release-macos-arm64, r-release-macos-x86_64, r-release-windows-x86_64, r-oldrel-macos-arm64, r-oldrel-macos-x86_64, r-oldrel-windows-x86_64
Version: 0.0.6
Check: dependencies in R code
Result: NOTE
Namespaces in Imports field not imported from:
‘MASS’ ‘XML’ ‘gglasso’ ‘methods’
All declared Imports should be used.
Flavors: r-devel-linux-x86_64-fedora-clang, r-devel-linux-x86_64-fedora-gcc
Version: 0.0.6
Check: installed package size
Result: NOTE
installed size is 12.5Mb
sub-directories of 1Mb or more:
libs 11.5Mb
Flavors: r-release-macos-arm64, r-release-macos-x86_64, r-oldrel-macos-arm64, r-oldrel-macos-x86_64