Last updated on 2024-07-01 03:49:02 CEST.
Flavor | Version | Tinstall | Tcheck | Ttotal | Status | Flags |
---|---|---|---|---|---|---|
r-devel-linux-x86_64-debian-clang | 0.1.0 | 50.94 | 224.55 | 275.49 | NOTE | |
r-devel-linux-x86_64-debian-gcc | 0.1.0 | 34.07 | 1172.35 | 1206.42 | NOTE | |
r-devel-linux-x86_64-fedora-clang | 0.1.0 | 444.50 | NOTE | |||
r-devel-linux-x86_64-fedora-gcc | 0.1.0 | 602.79 | NOTE | |||
r-devel-windows-x86_64 | 0.1.0 | 40.00 | 239.00 | 279.00 | NOTE | |
r-patched-linux-x86_64 | 0.1.0 | 44.25 | 829.68 | 873.93 | NOTE | |
r-release-linux-x86_64 | 0.1.0 | 41.95 | 828.15 | 870.10 | NOTE | |
r-release-macos-arm64 | 0.1.0 | 148.00 | NOTE | |||
r-release-macos-x86_64 | 0.1.0 | 187.00 | NOTE | |||
r-release-windows-x86_64 | 0.1.0 | 39.00 | 234.00 | 273.00 | NOTE | |
r-oldrel-macos-arm64 | 0.1.0 | 168.00 | NOTE | |||
r-oldrel-macos-x86_64 | 0.1.0 | 240.00 | NOTE | |||
r-oldrel-windows-x86_64 | 0.1.0 | 50.00 | 283.00 | 333.00 | NOTE |
Version: 0.1.0
Check: C++ specification
Result: NOTE
Specified C++11: please drop specification unless essential
Flavors: r-devel-linux-x86_64-debian-clang, r-devel-linux-x86_64-debian-gcc, r-devel-linux-x86_64-fedora-clang, r-devel-linux-x86_64-fedora-gcc, r-devel-windows-x86_64, r-patched-linux-x86_64, r-release-linux-x86_64, r-release-macos-arm64, r-release-macos-x86_64, r-release-windows-x86_64, r-oldrel-macos-arm64, r-oldrel-macos-x86_64, r-oldrel-windows-x86_64