Last updated on 2024-07-01 03:49:02 CEST.
Flavor | Version | Tinstall | Tcheck | Ttotal | Status | Flags |
---|---|---|---|---|---|---|
r-devel-linux-x86_64-debian-clang | 1.3.4 | 17.43 | 199.56 | 216.99 | OK | |
r-devel-linux-x86_64-debian-gcc | 1.3.4 | 12.54 | 143.60 | 156.14 | OK | |
r-devel-linux-x86_64-fedora-clang | 1.3.4 | 282.75 | NOTE | |||
r-devel-linux-x86_64-fedora-gcc | 1.3.4 | 285.94 | OK | |||
r-devel-windows-x86_64 | 1.3.4 | 16.00 | 188.00 | 204.00 | NOTE | |
r-patched-linux-x86_64 | 1.3.4 | 19.04 | 193.80 | 212.84 | OK | |
r-release-linux-x86_64 | 1.3.4 | 9.30 | 187.02 | 196.32 | OK | |
r-release-macos-arm64 | 1.3.4 | 75.00 | NOTE | |||
r-release-macos-x86_64 | 1.3.4 | 208.00 | NOTE | |||
r-release-windows-x86_64 | 1.3.4 | 17.00 | 186.00 | 203.00 | NOTE | |
r-oldrel-macos-arm64 | 1.3.4 | 95.00 | NOTE | |||
r-oldrel-macos-x86_64 | 1.3.4 | 196.00 | NOTE | |||
r-oldrel-windows-x86_64 | 1.3.4 | 20.00 | 239.00 | 259.00 | NOTE |
Version: 1.3.4
Check: installed package size
Result: NOTE
installed size is 6.9Mb
sub-directories of 1Mb or more:
data 2.3Mb
doc 3.9Mb
Flavors: r-devel-linux-x86_64-fedora-clang, r-devel-windows-x86_64, r-release-macos-arm64, r-release-macos-x86_64, r-release-windows-x86_64, r-oldrel-macos-arm64, r-oldrel-macos-x86_64, r-oldrel-windows-x86_64