Last updated on 2024-07-01 03:49:01 CEST.
Flavor | Version | Tinstall | Tcheck | Ttotal | Status | Flags |
---|---|---|---|---|---|---|
r-devel-linux-x86_64-debian-clang | 2.8.1 | 73.68 | 569.56 | 643.24 | NOTE | |
r-devel-linux-x86_64-debian-gcc | 2.8.1 | 59.50 | 389.78 | 449.28 | NOTE | |
r-devel-linux-x86_64-fedora-clang | 2.8.1 | 773.02 | NOTE | |||
r-devel-linux-x86_64-fedora-gcc | 2.8.1 | 746.13 | NOTE | |||
r-devel-windows-x86_64 | 2.8.1 | 63.00 | 481.00 | 544.00 | NOTE | |
r-patched-linux-x86_64 | 2.8.1 | 91.99 | 534.25 | 626.24 | NOTE | |
r-release-linux-x86_64 | 2.8.1 | 60.61 | 532.21 | 592.82 | NOTE | |
r-release-macos-arm64 | 2.8.1 | 156.00 | NOTE | |||
r-release-macos-x86_64 | 2.8.1 | 252.00 | NOTE | |||
r-release-windows-x86_64 | 2.8.1 | 63.00 | 481.00 | 544.00 | NOTE | |
r-oldrel-macos-arm64 | 2.8.1 | 161.00 | NOTE | |||
r-oldrel-macos-x86_64 | 2.8.1 | 380.00 | NOTE | |||
r-oldrel-windows-x86_64 | 2.8.1 | 85.00 | 623.00 | 708.00 | NOTE |
Version: 2.8.1
Check: Rd files
Result: NOTE
checkRd: (-1) Olympic.NH4.df.Rd:35: Lost braces in \itemize; meant \describe ?
checkRd: (-1) Olympic.NH4.df.Rd:36: Lost braces in \itemize; meant \describe ?
checkRd: (-1) Olympic.NH4.df.Rd:37: Lost braces in \itemize; meant \describe ?
checkRd: (-1) Olympic.NH4.df.Rd:38: Lost braces in \itemize; meant \describe ?
checkRd: (-1) Olympic.NH4.df.Rd:39: Lost braces in \itemize; meant \describe ?
checkRd: (-1) Olympic.NH4.df.Rd:40: Lost braces in \itemize; meant \describe ?
checkRd: (-1) Olympic.NH4.df.Rd:41: Lost braces in \itemize; meant \describe ?
checkRd: (-1) Olympic.NH4.df.Rd:42: Lost braces in \itemize; meant \describe ?
checkRd: (-1) eqpois.Rd:200: Lost braces
200 | \code{\link{epois}}, \link[stats]{Poisson}, code{\link{estimate.object}}.
| ^
checkRd: (-1) plotPredIntLnormAltSimultaneousTestPowerCurve.Rd:77: Lost braces
77 | positive integer between \code{1} and code{r} specifying the number of future
| ^
Flavors: r-devel-linux-x86_64-debian-clang, r-devel-linux-x86_64-debian-gcc, r-devel-linux-x86_64-fedora-clang, r-devel-linux-x86_64-fedora-gcc, r-devel-windows-x86_64, r-patched-linux-x86_64, r-release-linux-x86_64, r-release-macos-arm64, r-release-macos-x86_64, r-release-windows-x86_64
Version: 2.8.1
Check: installed package size
Result: NOTE
installed size is 6.6Mb
sub-directories of 1Mb or more:
R 2.3Mb
help 3.6Mb
Flavors: r-devel-linux-x86_64-fedora-clang, r-devel-windows-x86_64, r-release-macos-arm64, r-release-macos-x86_64, r-release-windows-x86_64, r-oldrel-macos-arm64, r-oldrel-macos-x86_64, r-oldrel-windows-x86_64