Last updated on 2024-07-01 03:49:01 CEST.
Flavor | Version | Tinstall | Tcheck | Ttotal | Status | Flags |
---|---|---|---|---|---|---|
r-devel-linux-x86_64-debian-clang | 1.0.4 | 19.21 | 146.41 | 165.62 | OK | |
r-devel-linux-x86_64-debian-gcc | 1.0.4 | 13.07 | 109.58 | 122.65 | OK | |
r-devel-linux-x86_64-fedora-clang | 1.0.4 | 208.07 | OK | |||
r-devel-linux-x86_64-fedora-gcc | 1.0.4 | 200.35 | OK | |||
r-devel-windows-x86_64 | 1.0.4 | 18.00 | 116.00 | 134.00 | OK | |
r-patched-linux-x86_64 | 1.0.4 | 14.62 | 141.68 | 156.30 | OK | |
r-release-linux-x86_64 | 1.0.4 | 11.66 | 140.18 | 151.84 | OK | |
r-release-macos-arm64 | 1.0.4 | 56.00 | NOTE | |||
r-release-macos-x86_64 | 1.0.4 | 87.00 | NOTE | |||
r-release-windows-x86_64 | 1.0.4 | 16.00 | 116.00 | 132.00 | OK | |
r-oldrel-macos-arm64 | 1.0.4 | 59.00 | NOTE | |||
r-oldrel-macos-x86_64 | 1.0.4 | 94.00 | NOTE | |||
r-oldrel-windows-x86_64 | 1.0.4 | 22.00 | 148.00 | 170.00 | OK |
Version: 1.0.4
Check: package dependencies
Result: NOTE
Package suggested but not available for checking: ‘Rmpi’
Flavors: r-release-macos-arm64, r-release-macos-x86_64, r-oldrel-macos-arm64, r-oldrel-macos-x86_64