Last updated on 2024-07-01 03:49:01 CEST.
Flavor | Version | Tinstall | Tcheck | Ttotal | Status | Flags |
---|---|---|---|---|---|---|
r-devel-linux-x86_64-debian-clang | 0.46.11 | 75.29 | 205.58 | 280.87 | OK | |
r-devel-linux-x86_64-debian-gcc | 0.46.11 | 51.72 | 149.35 | 201.07 | OK | |
r-devel-linux-x86_64-fedora-clang | 0.46.11 | 365.81 | OK | |||
r-devel-linux-x86_64-fedora-gcc | 0.46.11 | 375.06 | OK | |||
r-devel-windows-x86_64 | 0.46.11 | 58.00 | 277.00 | 335.00 | NOTE | |
r-patched-linux-x86_64 | 0.46.11 | 62.29 | 195.52 | 257.81 | OK | |
r-release-linux-x86_64 | 0.46.11 | 63.86 | 192.97 | 256.83 | OK | |
r-release-macos-arm64 | 0.46.11 | 85.00 | OK | |||
r-release-macos-x86_64 | 0.46.11 | 145.00 | OK | |||
r-release-windows-x86_64 | 0.46.11 | 58.00 | 275.00 | 333.00 | NOTE | |
r-oldrel-macos-arm64 | 0.46.11 | 101.00 | OK | |||
r-oldrel-macos-x86_64 | 0.46.11 | 156.00 | OK | |||
r-oldrel-windows-x86_64 | 0.46.11 | 73.00 | 290.00 | 363.00 | NOTE |
Version: 0.46.11
Check: C++ specification
Result: NOTE
Specified C++11: please drop specification unless essential
Flavors: r-devel-windows-x86_64, r-release-windows-x86_64, r-oldrel-windows-x86_64