Last updated on 2024-07-01 03:49:01 CEST.
Flavor | Version | Tinstall | Tcheck | Ttotal | Status | Flags |
---|---|---|---|---|---|---|
r-devel-linux-x86_64-debian-clang | 0.4-6 | 7.88 | 65.14 | 73.02 | NOTE | |
r-devel-linux-x86_64-debian-gcc | 0.4-6 | 6.49 | 47.39 | 53.88 | NOTE | |
r-devel-linux-x86_64-fedora-clang | 0.4-6 | 89.97 | NOTE | |||
r-devel-linux-x86_64-fedora-gcc | 0.4-6 | 84.91 | NOTE | |||
r-devel-windows-x86_64 | 0.4-6 | 8.00 | 65.00 | 73.00 | OK | |
r-patched-linux-x86_64 | 0.4-6 | 5.14 | 59.38 | 64.52 | NOTE | |
r-release-linux-x86_64 | 0.4-6 | 4.93 | 63.31 | 68.24 | NOTE | |
r-release-macos-arm64 | 0.4-6 | 27.00 | NOTE | |||
r-release-macos-x86_64 | 0.4-6 | 40.00 | NOTE | |||
r-release-windows-x86_64 | 0.4-6 | 8.00 | 66.00 | 74.00 | OK | |
r-oldrel-macos-arm64 | 0.4-6 | 32.00 | OK | |||
r-oldrel-macos-x86_64 | 0.4-6 | 61.00 | OK | |||
r-oldrel-windows-x86_64 | 0.4-6 | 11.00 | 79.00 | 90.00 | NOTE |
Version: 0.4-6
Check: package dependencies
Result: NOTE
Package suggested but not available for checking: ‘lavaan.survey’
Flavors: r-devel-linux-x86_64-debian-clang, r-devel-linux-x86_64-debian-gcc, r-devel-linux-x86_64-fedora-clang, r-devel-linux-x86_64-fedora-gcc, r-patched-linux-x86_64, r-release-linux-x86_64, r-release-macos-arm64, r-release-macos-x86_64, r-oldrel-windows-x86_64