Last updated on 2024-07-02 15:50:38 CEST.
Flavor | Version | Tinstall | Tcheck | Ttotal | Status | Flags |
---|---|---|---|---|---|---|
r-devel-linux-x86_64-debian-clang | 0.2.2 | 70.09 | 618.74 | 688.83 | NOTE | |
r-devel-linux-x86_64-debian-gcc | 0.2.2 | 55.99 | 447.06 | 503.05 | NOTE | |
r-devel-linux-x86_64-fedora-clang | 0.2.2 | 837.39 | NOTE | |||
r-devel-linux-x86_64-fedora-gcc | 0.2.2 | 797.60 | NOTE | |||
r-devel-windows-x86_64 | 0.2.2 | 56.00 | 385.00 | 441.00 | NOTE | |
r-patched-linux-x86_64 | 0.2.2 | 62.01 | 572.68 | 634.69 | NOTE | |
r-release-linux-x86_64 | 0.2.2 | 54.56 | 586.22 | 640.78 | NOTE | |
r-release-macos-arm64 | 0.2.2 | 5.00 | ERROR | |||
r-release-macos-x86_64 | 0.2.2 | 7.00 | ERROR | |||
r-release-windows-x86_64 | 0.2.2 | 58.00 | 390.00 | 448.00 | NOTE | |
r-oldrel-macos-arm64 | 0.2.2 | 10.00 | ERROR | |||
r-oldrel-macos-x86_64 | 0.2.2 | 12.00 | ERROR | |||
r-oldrel-windows-x86_64 | 0.2.2 | 77.00 | 538.00 | 615.00 | OK |
Version: 0.2.2
Check: Rd files
Result: NOTE
checkRd: (-1) Emas.Rd:55: Lost braces in \itemize; \value handles \item{}{} directly
checkRd: (-1) Emas.Rd:56: Lost braces in \itemize; \value handles \item{}{} directly
checkRd: (-1) Emas.Rd:57: Lost braces in \itemize; \value handles \item{}{} directly
checkRd: (-1) Emas.Rd:58: Lost braces in \itemize; \value handles \item{}{} directly
checkRd: (-1) Emas.Rd:59: Lost braces in \itemize; \value handles \item{}{} directly
checkRd: (-1) Emas.Rd:60: Lost braces in \itemize; \value handles \item{}{} directly
checkRd: (-1) Emas.Rd:61: Lost braces in \itemize; \value handles \item{}{} directly
checkRd: (-1) Emas.Rd:62: Lost braces in \itemize; \value handles \item{}{} directly
checkRd: (-1) Emas.Rd:63: Lost braces in \itemize; \value handles \item{}{} directly
checkRd: (-1) Emas.Rd:64: Lost braces in \itemize; \value handles \item{}{} directly
Flavors: r-devel-linux-x86_64-debian-clang, r-devel-linux-x86_64-debian-gcc, r-devel-linux-x86_64-fedora-clang, r-devel-linux-x86_64-fedora-gcc, r-devel-windows-x86_64, r-patched-linux-x86_64, r-release-linux-x86_64, r-release-windows-x86_64
Version: 0.2.2
Check: package dependencies
Result: ERROR
Packages required but not available:
'IlluminaHumanMethylationEPICanno.ilm10b4.hg19',
'IlluminaHumanMethylation450kanno.ilmn12.hg19'
See section ‘The DESCRIPTION file’ in the ‘Writing R Extensions’
manual.
Flavors: r-release-macos-arm64, r-release-macos-x86_64
Version: 0.2.2
Check: package dependencies
Result: ERROR
Packages required but not available:
'minfi', 'IlluminaHumanMethylationEPICanno.ilm10b4.hg19',
'IlluminaHumanMethylation450kanno.ilmn12.hg19'
See section ‘The DESCRIPTION file’ in the ‘Writing R Extensions’
manual.
Flavors: r-oldrel-macos-arm64, r-oldrel-macos-x86_64