Last updated on 2024-07-01 03:49:01 CEST.
Flavor | Version | Tinstall | Tcheck | Ttotal | Status | Flags |
---|---|---|---|---|---|---|
r-devel-linux-x86_64-debian-clang | 1.2.1 | 8.46 | 112.05 | 120.51 | OK | |
r-devel-linux-x86_64-debian-gcc | 1.2.1 | 6.33 | 85.72 | 92.05 | OK | |
r-devel-linux-x86_64-fedora-clang | 1.2.1 | 152.42 | NOTE | |||
r-devel-linux-x86_64-fedora-gcc | 1.2.1 | 168.78 | OK | |||
r-devel-windows-x86_64 | 1.2.1 | 9.00 | 117.00 | 126.00 | NOTE | |
r-patched-linux-x86_64 | 1.2.1 | 9.60 | 109.96 | 119.56 | OK | |
r-release-linux-x86_64 | 1.2.1 | 5.31 | 111.05 | 116.36 | OK | |
r-release-macos-arm64 | 1.2.1 | 67.00 | NOTE | |||
r-release-macos-x86_64 | 1.2.1 | 93.00 | NOTE | |||
r-release-windows-x86_64 | 1.2.1 | 10.00 | 117.00 | 127.00 | NOTE | |
r-oldrel-macos-arm64 | 1.2.1 | 63.00 | NOTE | |||
r-oldrel-macos-x86_64 | 1.2.1 | 124.00 | NOTE | |||
r-oldrel-windows-x86_64 | 1.2.1 | 11.00 | 140.00 | 151.00 | NOTE |
Version: 1.2.1
Check: installed package size
Result: NOTE
installed size is 10.4Mb
sub-directories of 1Mb or more:
doc 5.1Mb
extdata 5.1Mb
Flavors: r-devel-linux-x86_64-fedora-clang, r-devel-windows-x86_64, r-release-macos-arm64, r-release-macos-x86_64, r-release-windows-x86_64, r-oldrel-macos-arm64, r-oldrel-macos-x86_64, r-oldrel-windows-x86_64