Last updated on 2024-07-01 03:49:01 CEST.
Flavor | Version | Tinstall | Tcheck | Ttotal | Status | Flags |
---|---|---|---|---|---|---|
r-devel-linux-x86_64-debian-clang | 1.0 | 1.95 | 29.66 | 31.61 | OK | |
r-devel-linux-x86_64-debian-gcc | 1.0 | 1.48 | 23.21 | 24.69 | OK | |
r-devel-linux-x86_64-fedora-clang | 1.0 | 39.63 | NOTE | |||
r-devel-linux-x86_64-fedora-gcc | 1.0 | 37.20 | OK | |||
r-devel-windows-x86_64 | 1.0 | 3.00 | 43.00 | 46.00 | OK | |
r-patched-linux-x86_64 | 1.0 | 2.36 | 28.03 | 30.39 | OK | |
r-release-linux-x86_64 | 1.0 | 2.08 | 27.77 | 29.85 | OK | |
r-release-macos-arm64 | 1.0 | 16.00 | OK | |||
r-release-macos-x86_64 | 1.0 | 23.00 | OK | |||
r-release-windows-x86_64 | 1.0 | 3.00 | 45.00 | 48.00 | OK | |
r-oldrel-macos-arm64 | 1.0 | 17.00 | OK | |||
r-oldrel-macos-x86_64 | 1.0 | 23.00 | OK | |||
r-oldrel-windows-x86_64 | 1.0 | 2.00 | 43.00 | 45.00 | OK |
Version: 1.0
Check: Rd cross-references
Result: NOTE
Undeclared package ‘T2EQ’ in Rd xrefs
Flavor: r-devel-linux-x86_64-fedora-clang