Last updated on 2024-07-01 03:49:01 CEST.
Flavor | Version | Tinstall | Tcheck | Ttotal | Status | Flags |
---|---|---|---|---|---|---|
r-devel-linux-x86_64-debian-clang | 0.12 | 18.31 | 149.91 | 168.22 | OK | |
r-devel-linux-x86_64-debian-gcc | 0.12 | 16.04 | 104.11 | 120.15 | OK | |
r-devel-linux-x86_64-fedora-clang | 0.12 | 209.22 | OK | |||
r-devel-linux-x86_64-fedora-gcc | 0.12 | 207.10 | OK | |||
r-devel-windows-x86_64 | 0.12 | 20.00 | 145.00 | 165.00 | OK | |
r-patched-linux-x86_64 | 0.12 | 22.48 | 141.20 | 163.68 | OK | |
r-release-linux-x86_64 | 0.12 | 14.01 | 137.47 | 151.48 | OK | |
r-release-macos-arm64 | 0.12 | 52.00 | OK | |||
r-release-macos-x86_64 | 0.12 | 80.00 | OK | |||
r-release-windows-x86_64 | 0.12 | 18.00 | 145.00 | 163.00 | OK | |
r-oldrel-macos-arm64 | 0.12 | 55.00 | OK | |||
r-oldrel-macos-x86_64 | 0.12 | 97.00 | NOTE | |||
r-oldrel-windows-x86_64 | 0.12 | 24.00 | 179.00 | 203.00 | OK |
Version: 0.12
Check: package dependencies
Result: NOTE
Package suggested but not available for checking: ‘PerformanceAnalytics’
Flavor: r-oldrel-macos-x86_64