Last updated on 2024-07-02 15:50:37 CEST.
Flavor | Version | Tinstall | Tcheck | Ttotal | Status | Flags |
---|---|---|---|---|---|---|
r-devel-linux-x86_64-debian-clang | 0.2.3 | 7.33 | 93.45 | 100.78 | NOTE | |
r-devel-linux-x86_64-debian-gcc | 0.2.3 | 7.22 | 68.59 | 75.81 | NOTE | |
r-devel-linux-x86_64-fedora-clang | 0.2.3 | 120.85 | NOTE | |||
r-devel-linux-x86_64-fedora-gcc | 0.2.3 | 116.88 | NOTE | |||
r-devel-windows-x86_64 | 0.2.3 | 8.00 | 108.00 | 116.00 | NOTE | |
r-patched-linux-x86_64 | 0.2.3 | 6.43 | 87.40 | 93.83 | NOTE | |
r-release-linux-x86_64 | 0.2.3 | 6.20 | 88.15 | 94.35 | NOTE | |
r-release-macos-arm64 | 0.2.3 | 36.00 | NOTE | |||
r-release-macos-x86_64 | 0.2.3 | 57.00 | NOTE | |||
r-release-windows-x86_64 | 0.2.3 | 9.00 | 111.00 | 120.00 | NOTE | |
r-oldrel-macos-arm64 | 0.2.3 | 42.00 | OK | |||
r-oldrel-macos-x86_64 | 0.2.3 | 97.00 | OK | |||
r-oldrel-windows-x86_64 | 0.2.3 | 10.00 | 110.00 | 120.00 | OK |
Version: 0.2.3
Check: Rd files
Result: NOTE
checkRd: (-1) py_select_interpreter.Rd:5: Lost braces; missing escapes or markup?
5 | \title{Tell {reticulate} to use Python Conda version available on Domino Data Lab.}
| ^
Flavors: r-devel-linux-x86_64-debian-clang, r-devel-linux-x86_64-debian-gcc, r-devel-linux-x86_64-fedora-clang, r-devel-linux-x86_64-fedora-gcc, r-devel-windows-x86_64, r-patched-linux-x86_64, r-release-linux-x86_64, r-release-macos-arm64, r-release-macos-x86_64, r-release-windows-x86_64