Last updated on 2024-07-01 03:49:00 CEST.
Flavor | Version | Tinstall | Tcheck | Ttotal | Status | Flags |
---|---|---|---|---|---|---|
r-devel-linux-x86_64-debian-clang | 8.4.1 | 6.47 | 41.56 | 48.03 | OK | |
r-devel-linux-x86_64-debian-gcc | 8.4.1 | 3.53 | 28.86 | 32.39 | OK | |
r-devel-linux-x86_64-fedora-clang | 8.4.1 | 63.88 | NOTE | |||
r-devel-linux-x86_64-fedora-gcc | 8.4.1 | 51.90 | OK | |||
r-devel-windows-x86_64 | 8.4.1 | 8.00 | 63.00 | 71.00 | OK | |
r-patched-linux-x86_64 | 8.4.1 | 3.99 | 38.28 | 42.27 | OK | |
r-release-linux-x86_64 | 8.4.1 | 4.19 | 38.19 | 42.38 | OK | |
r-release-macos-arm64 | 8.4.1 | 38.00 | OK | |||
r-release-macos-x86_64 | 8.4.1 | 56.00 | OK | |||
r-release-windows-x86_64 | 8.4.1 | 8.00 | 62.00 | 70.00 | OK | |
r-oldrel-macos-arm64 | 8.4.1 | 30.00 | OK | |||
r-oldrel-macos-x86_64 | 8.4.1 | 58.00 | OK | |||
r-oldrel-windows-x86_64 | 8.4.1 | 10.00 | 67.00 | 77.00 | OK |
Version: 8.4.1
Check: Rd cross-references
Result: NOTE
Undeclared packages ‘e1071’, ‘nloptr’ in Rd xrefs
Flavor: r-devel-linux-x86_64-fedora-clang