Last updated on 2024-07-01 03:49:01 CEST.
Flavor | Version | Tinstall | Tcheck | Ttotal | Status | Flags |
---|---|---|---|---|---|---|
r-devel-linux-x86_64-debian-clang | 0.1-0 | 9.28 | 74.33 | 83.61 | WARN | |
r-devel-linux-x86_64-debian-gcc | 0.1-0 | 6.09 | 57.09 | 63.18 | WARN | |
r-devel-linux-x86_64-fedora-clang | 0.1-0 | 108.18 | WARN | |||
r-devel-linux-x86_64-fedora-gcc | 0.1-0 | 105.52 | WARN | |||
r-devel-windows-x86_64 | 0.1-0 | 7.00 | 94.00 | 101.00 | WARN | |
r-patched-linux-x86_64 | 0.1-0 | 6.84 | 72.14 | 78.98 | WARN | |
r-release-linux-x86_64 | 0.1-0 | 7.76 | 70.94 | 78.70 | WARN | |
r-release-macos-arm64 | 0.1-0 | 34.00 | OK | |||
r-release-macos-x86_64 | 0.1-0 | 49.00 | OK | |||
r-release-windows-x86_64 | 0.1-0 | 8.00 | 77.00 | 85.00 | OK | |
r-oldrel-macos-arm64 | 0.1-0 | 36.00 | OK | |||
r-oldrel-macos-x86_64 | 0.1-0 | 58.00 | OK | |||
r-oldrel-windows-x86_64 | 0.1-0 | 7.00 | 91.00 | 98.00 | WARN |
Version: 0.1-0
Check: whether package can be installed
Result: WARN
Found the following significant warnings:
Warning: replacing previous import ‘Matrix::det’ by ‘SparseM::det’ when loading ‘DWDLargeR’
Flavors: r-devel-linux-x86_64-debian-clang, r-devel-linux-x86_64-debian-gcc, r-devel-linux-x86_64-fedora-clang, r-devel-linux-x86_64-fedora-gcc, r-devel-windows-x86_64, r-patched-linux-x86_64, r-release-linux-x86_64, r-oldrel-windows-x86_64