Last updated on 2024-07-01 03:49:01 CEST.
Flavor | Version | Tinstall | Tcheck | Ttotal | Status | Flags |
---|---|---|---|---|---|---|
r-devel-linux-x86_64-debian-clang | 0.1.2 | 58.25 | 57.46 | 115.71 | OK | |
r-devel-linux-x86_64-debian-gcc | 0.1.2 | 40.79 | 43.34 | 84.13 | OK | |
r-devel-linux-x86_64-fedora-clang | 0.1.2 | 157.05 | OK | |||
r-devel-linux-x86_64-fedora-gcc | 0.1.2 | 180.76 | OK | |||
r-devel-windows-x86_64 | 0.1.2 | 44.00 | 80.00 | 124.00 | OK | |
r-patched-linux-x86_64 | 0.1.2 | 47.69 | 56.10 | 103.79 | OK | |
r-release-linux-x86_64 | 0.1.2 | 48.91 | 56.92 | 105.83 | OK | |
r-release-macos-arm64 | 0.1.2 | 42.00 | NOTE | |||
r-release-macos-x86_64 | 0.1.2 | 72.00 | NOTE | |||
r-release-windows-x86_64 | 0.1.2 | 45.00 | 79.00 | 124.00 | OK | |
r-oldrel-macos-arm64 | 0.1.2 | 49.00 | NOTE | |||
r-oldrel-macos-x86_64 | 0.1.2 | 84.00 | NOTE | |||
r-oldrel-windows-x86_64 | 0.1.2 | 49.00 | 98.00 | 147.00 | OK |
Version: 0.1.2
Check: installed package size
Result: NOTE
installed size is 6.3Mb
sub-directories of 1Mb or more:
libs 5.7Mb
Flavors: r-release-macos-arm64, r-release-macos-x86_64, r-oldrel-macos-arm64, r-oldrel-macos-x86_64