Last updated on 2024-07-01 03:49:00 CEST.
Flavor | Version | Tinstall | Tcheck | Ttotal | Status | Flags |
---|---|---|---|---|---|---|
r-devel-linux-x86_64-debian-clang | 0.4.6 | 14.34 | 332.35 | 346.69 | OK | |
r-devel-linux-x86_64-debian-gcc | 0.4.6 | 10.20 | 238.30 | 248.50 | OK | |
r-devel-linux-x86_64-fedora-clang | 0.4.6 | 448.08 | NOTE | |||
r-devel-linux-x86_64-fedora-gcc | 0.4.6 | 432.74 | OK | |||
r-devel-windows-x86_64 | 0.4.6 | 11.00 | 234.00 | 245.00 | NOTE | |
r-patched-linux-x86_64 | 0.4.6 | 9.17 | 317.00 | 326.17 | OK | |
r-release-linux-x86_64 | 0.4.6 | 7.95 | 321.84 | 329.79 | OK | |
r-release-macos-arm64 | 0.4.6 | 112.00 | NOTE | |||
r-release-macos-x86_64 | 0.4.6 | 383.00 | NOTE | |||
r-release-windows-x86_64 | 0.4.6 | 12.00 | 233.00 | 245.00 | NOTE | |
r-oldrel-macos-arm64 | 0.4.6 | 126.00 | NOTE | |||
r-oldrel-macos-x86_64 | 0.4.6 | 170.00 | NOTE | |||
r-oldrel-windows-x86_64 | 0.4.6 | 15.00 | 309.00 | 324.00 | NOTE |
Version: 0.4.6
Check: installed package size
Result: NOTE
installed size is 5.5Mb
sub-directories of 1Mb or more:
doc 5.1Mb
Flavors: r-devel-linux-x86_64-fedora-clang, r-devel-windows-x86_64, r-release-macos-arm64, r-release-macos-x86_64, r-release-windows-x86_64, r-oldrel-macos-arm64, r-oldrel-macos-x86_64, r-oldrel-windows-x86_64
Version: 0.4.6
Check: package dependencies
Result: NOTE
Packages suggested but not available for checking: 'spaMM', 'glmmTMB'
Packages which this enhances but not available for checking:
'rstan', 'BayesianTools'
Flavor: r-oldrel-macos-x86_64