Last updated on 2024-07-01 03:49:00 CEST.
Flavor | Version | Tinstall | Tcheck | Ttotal | Status | Flags |
---|---|---|---|---|---|---|
r-devel-linux-x86_64-debian-clang | 1.0.12 | 15.12 | 118.93 | 134.05 | OK | |
r-devel-linux-x86_64-debian-gcc | 1.0.12 | 9.00 | 89.50 | 98.50 | OK | |
r-devel-linux-x86_64-fedora-clang | 1.0.12 | 170.56 | NOTE | |||
r-devel-linux-x86_64-fedora-gcc | 1.0.12 | 172.51 | NOTE | |||
r-devel-windows-x86_64 | 1.0.12 | 15.00 | 114.00 | 129.00 | OK | |
r-patched-linux-x86_64 | 1.0.11 | 10.60 | 115.15 | 125.75 | OK | |
r-release-linux-x86_64 | 1.0.12 | 9.42 | 114.73 | 124.15 | OK | |
r-release-macos-arm64 | 1.0.12 | 56.00 | OK | |||
r-release-macos-x86_64 | 1.0.12 | 141.00 | OK | |||
r-release-windows-x86_64 | 1.0.12 | 13.00 | 103.00 | 116.00 | OK | |
r-oldrel-macos-arm64 | 1.0.12 | 62.00 | OK | |||
r-oldrel-macos-x86_64 | 1.0.12 | 120.00 | OK | |||
r-oldrel-windows-x86_64 | 1.0.12 | 16.00 | 126.00 | 142.00 | OK |
Version: 1.0.12
Check: data for non-ASCII characters
Result: NOTE
Note: found 7 marked UTF-8 strings
Flavors: r-devel-linux-x86_64-fedora-clang, r-devel-linux-x86_64-fedora-gcc