Last updated on 2024-07-01 03:49:00 CEST.
Flavor | Version | Tinstall | Tcheck | Ttotal | Status | Flags |
---|---|---|---|---|---|---|
r-devel-linux-x86_64-debian-clang | 5.2.2 | 120.72 | 133.59 | 254.31 | OK | |
r-devel-linux-x86_64-debian-gcc | 5.2.2 | 82.07 | 101.20 | 183.27 | OK | |
r-devel-linux-x86_64-fedora-clang | 5.2.2 | 351.97 | OK | |||
r-devel-linux-x86_64-fedora-gcc | 5.2.2 | 373.34 | OK | |||
r-devel-windows-x86_64 | 5.2.2 | 95.00 | 163.00 | 258.00 | OK | |
r-patched-linux-x86_64 | 5.2.2 | 104.40 | 133.01 | 237.41 | OK | |
r-release-linux-x86_64 | 5.2.2 | 97.93 | 132.33 | 230.26 | OK | |
r-release-macos-arm64 | 5.2.2 | 79.00 | NOTE | |||
r-release-macos-x86_64 | 5.2.2 | 123.00 | NOTE | |||
r-release-windows-x86_64 | 5.2.2 | 96.00 | 143.00 | 239.00 | OK | |
r-oldrel-macos-arm64 | 5.2.2 | 80.00 | NOTE | |||
r-oldrel-macos-x86_64 | 5.2.2 | 203.00 | NOTE | |||
r-oldrel-windows-x86_64 | 5.2.2 | 115.00 | 180.00 | 295.00 | OK |
Version: 5.2.2
Check: installed package size
Result: NOTE
installed size is 7.8Mb
sub-directories of 1Mb or more:
libs 7.3Mb
Flavors: r-release-macos-arm64, r-release-macos-x86_64, r-oldrel-macos-arm64, r-oldrel-macos-x86_64