Last updated on 2024-07-01 03:49:00 CEST.
Flavor | Version | Tinstall | Tcheck | Ttotal | Status | Flags |
---|---|---|---|---|---|---|
r-devel-linux-x86_64-debian-clang | 2.0.5 | 20.81 | 44.30 | 65.11 | NOTE | |
r-devel-linux-x86_64-debian-gcc | 2.0.5 | 14.02 | 33.10 | 47.12 | NOTE | |
r-devel-linux-x86_64-fedora-clang | 2.0.5 | 93.01 | NOTE | |||
r-devel-linux-x86_64-fedora-gcc | 2.0.5 | 111.73 | NOTE | |||
r-devel-windows-x86_64 | 2.0.5 | 18.00 | 79.00 | 97.00 | NOTE | |
r-patched-linux-x86_64 | 2.0.5 | 18.71 | 42.14 | 60.85 | NOTE | |
r-release-linux-x86_64 | 2.0.5 | 16.96 | 41.52 | 58.48 | NOTE | |
r-release-macos-arm64 | 2.0.5 | 32.00 | NOTE | |||
r-release-macos-x86_64 | 2.0.5 | 50.00 | NOTE | |||
r-release-windows-x86_64 | 2.0.5 | 18.00 | 81.00 | 99.00 | NOTE | |
r-oldrel-macos-arm64 | 2.0.5 | 33.00 | NOTE | |||
r-oldrel-macos-x86_64 | 2.0.5 | 50.00 | NOTE | |||
r-oldrel-windows-x86_64 | 2.0.5 | 20.00 | 87.00 | 107.00 | NOTE |
Version: 2.0.5
Check: package subdirectories
Result: NOTE
Problems with news in ‘NEWS.md’:
No news entries found.
Flavors: r-devel-linux-x86_64-debian-clang, r-devel-linux-x86_64-debian-gcc, r-devel-linux-x86_64-fedora-clang, r-devel-linux-x86_64-fedora-gcc, r-devel-windows-x86_64, r-patched-linux-x86_64, r-release-linux-x86_64, r-release-macos-arm64, r-release-macos-x86_64, r-release-windows-x86_64, r-oldrel-macos-arm64, r-oldrel-macos-x86_64, r-oldrel-windows-x86_64