Last updated on 2024-07-01 03:49:00 CEST.
Flavor | Version | Tinstall | Tcheck | Ttotal | Status | Flags |
---|---|---|---|---|---|---|
r-devel-linux-x86_64-debian-clang | 1.2.0 | 21.37 | 178.86 | 200.23 | OK | |
r-devel-linux-x86_64-debian-gcc | 1.2.0 | 16.07 | 134.15 | 150.22 | OK | |
r-devel-linux-x86_64-fedora-clang | 1.2.0 | 256.29 | NOTE | |||
r-devel-linux-x86_64-fedora-gcc | 1.2.0 | 281.66 | OK | |||
r-devel-windows-x86_64 | 1.2.0 | 17.00 | 138.00 | 155.00 | NOTE | |
r-patched-linux-x86_64 | 1.2.0 | 12.99 | 174.25 | 187.24 | OK | |
r-release-linux-x86_64 | 1.2.0 | 12.13 | 173.36 | 185.49 | OK | |
r-release-macos-arm64 | 1.2.0 | 73.00 | NOTE | |||
r-release-macos-x86_64 | 1.2.0 | 106.00 | NOTE | |||
r-release-windows-x86_64 | 1.2.0 | 18.00 | 139.00 | 157.00 | NOTE | |
r-oldrel-macos-arm64 | 1.2.0 | 84.00 | NOTE | |||
r-oldrel-macos-x86_64 | 1.2.0 | 137.00 | NOTE | |||
r-oldrel-windows-x86_64 | 1.2.0 | 23.00 | 179.00 | 202.00 | NOTE |
Version: 1.2.0
Check: installed package size
Result: NOTE
installed size is 5.1Mb
sub-directories of 1Mb or more:
doc 4.4Mb
Flavors: r-devel-linux-x86_64-fedora-clang, r-devel-windows-x86_64, r-release-macos-arm64, r-release-macos-x86_64, r-release-windows-x86_64, r-oldrel-macos-arm64, r-oldrel-macos-x86_64, r-oldrel-windows-x86_64