Last updated on 2024-07-01 03:49:00 CEST.
Flavor | Version | Tinstall | Tcheck | Ttotal | Status | Flags |
---|---|---|---|---|---|---|
r-devel-linux-x86_64-debian-clang | 0.0.1 | 3.70 | 32.98 | 36.68 | OK | |
r-devel-linux-x86_64-debian-gcc | 0.0.1 | 2.82 | 25.23 | 28.05 | OK | |
r-devel-linux-x86_64-fedora-clang | 0.0.1 | 48.56 | NOTE | |||
r-devel-linux-x86_64-fedora-gcc | 0.0.1 | 45.09 | NOTE | |||
r-devel-windows-x86_64 | 0.0.1 | 4.00 | 46.00 | 50.00 | OK | |
r-patched-linux-x86_64 | 0.0.1 | 2.12 | 32.01 | 34.13 | OK | |
r-release-linux-x86_64 | 0.0.1 | 2.14 | 32.03 | 34.17 | OK | |
r-release-macos-arm64 | 0.0.1 | 5.00 | ERROR | |||
r-release-macos-x86_64 | 0.0.1 | 6.00 | ERROR | |||
r-release-windows-x86_64 | 0.0.1 | 5.00 | 46.00 | 51.00 | OK | |
r-oldrel-macos-arm64 | 0.0.1 | 10.00 | ERROR | |||
r-oldrel-macos-x86_64 | 0.0.1 | 12.00 | ERROR | |||
r-oldrel-windows-x86_64 | 0.0.1 | 6.00 | 47.00 | 53.00 | OK |
Version: 0.0.1
Check: dependencies in R code
Result: NOTE
Namespace in Imports field not imported from: ‘TCGAbiolinks’
All declared Imports should be used.
Flavors: r-devel-linux-x86_64-fedora-clang, r-devel-linux-x86_64-fedora-gcc
Version: 0.0.1
Check: package dependencies
Result: ERROR
Package required but not available: ‘TCGAbiolinks’
See section ‘The DESCRIPTION file’ in the ‘Writing R Extensions’
manual.
Flavors: r-release-macos-arm64, r-release-macos-x86_64, r-oldrel-macos-arm64, r-oldrel-macos-x86_64