Last updated on 2024-07-01 03:48:59 CEST.
Flavor | Version | Tinstall | Tcheck | Ttotal | Status | Flags |
---|---|---|---|---|---|---|
r-devel-linux-x86_64-debian-clang | 6.8 | 52.46 | 483.72 | 536.18 | OK | |
r-devel-linux-x86_64-debian-gcc | 6.8 | 41.07 | 335.53 | 376.60 | OK | |
r-devel-linux-x86_64-fedora-clang | 6.8 | 655.88 | NOTE | |||
r-devel-linux-x86_64-fedora-gcc | 6.8 | 628.38 | OK | |||
r-devel-windows-x86_64 | 6.8 | 42.00 | 370.00 | 412.00 | OK | |
r-patched-linux-x86_64 | 6.8 | 60.09 | 448.72 | 508.81 | OK | |
r-release-linux-x86_64 | 6.8 | 32.90 | 465.28 | 498.18 | OK | |
r-release-macos-arm64 | 6.8 | 162.00 | OK | |||
r-release-macos-x86_64 | 6.8 | 249.00 | OK | |||
r-release-windows-x86_64 | 6.8 | 41.00 | 373.00 | 414.00 | OK | |
r-oldrel-macos-arm64 | 6.8 | 149.00 | OK | |||
r-oldrel-macos-x86_64 | 6.8 | 366.00 | OK | |||
r-oldrel-windows-x86_64 | 6.8 | 57.00 | 488.00 | 545.00 | OK |
Version: 6.8
Check: package dependencies
Result: NOTE
Imports includes 21 non-default packages.
Importing from so many packages makes the package vulnerable to any of
them becoming unavailable. Move as many as possible to Suggests and
use conditionally.
Flavor: r-devel-linux-x86_64-fedora-clang