Last updated on 2024-07-01 03:48:59 CEST.
Flavor | Version | Tinstall | Tcheck | Ttotal | Status | Flags |
---|---|---|---|---|---|---|
r-devel-linux-x86_64-debian-clang | 0.1.9 | 2.84 | 36.76 | 39.60 | NOTE | |
r-devel-linux-x86_64-debian-gcc | 0.1.9 | 3.13 | 26.74 | 29.87 | NOTE | |
r-devel-linux-x86_64-fedora-clang | 0.1.9 | 50.86 | NOTE | |||
r-devel-linux-x86_64-fedora-gcc | 0.1.9 | 47.60 | NOTE | |||
r-devel-windows-x86_64 | 0.1.9 | 5.00 | 46.00 | 51.00 | NOTE | |
r-patched-linux-x86_64 | 0.1.9 | 3.68 | 34.97 | 38.65 | NOTE | |
r-release-linux-x86_64 | 0.1.9 | 3.30 | 35.85 | 39.15 | NOTE | |
r-release-macos-arm64 | 0.1.9 | 17.00 | NOTE | |||
r-release-macos-x86_64 | 0.1.9 | 27.00 | NOTE | |||
r-release-windows-x86_64 | 0.1.9 | 5.00 | 45.00 | 50.00 | NOTE | |
r-oldrel-macos-arm64 | 0.1.9 | 19.00 | NOTE | |||
r-oldrel-macos-x86_64 | 0.1.9 | 26.00 | NOTE | |||
r-oldrel-windows-x86_64 | 0.1.9 | 6.00 | 50.00 | 56.00 | NOTE |
Version: 0.1.9
Check: LazyData
Result: NOTE
'LazyData' is specified without a 'data' directory
Flavors: r-devel-linux-x86_64-debian-clang, r-devel-linux-x86_64-debian-gcc, r-devel-linux-x86_64-fedora-clang, r-devel-linux-x86_64-fedora-gcc, r-devel-windows-x86_64, r-patched-linux-x86_64, r-release-linux-x86_64, r-release-macos-arm64, r-release-macos-x86_64, r-release-windows-x86_64, r-oldrel-macos-arm64, r-oldrel-macos-x86_64, r-oldrel-windows-x86_64
Version: 0.1.9
Check: dependencies in R code
Result: NOTE
Namespaces in Imports field not imported from:
‘Rdpack’ ‘coin’ ‘ggplot2’ ‘plyr’
All declared Imports should be used.
Flavors: r-devel-linux-x86_64-fedora-clang, r-devel-linux-x86_64-fedora-gcc