Last updated on 2024-07-01 03:48:59 CEST.
Flavor | Version | Tinstall | Tcheck | Ttotal | Status | Flags |
---|---|---|---|---|---|---|
r-devel-linux-x86_64-debian-clang | 0.2.0 | 7.76 | 50.53 | 58.29 | OK | |
r-devel-linux-x86_64-debian-gcc | 0.2.0 | 6.90 | 38.98 | 45.88 | OK | |
r-devel-linux-x86_64-fedora-clang | 0.2.0 | 75.31 | NOTE | |||
r-devel-linux-x86_64-fedora-gcc | 0.2.0 | 85.10 | NOTE | |||
r-devel-windows-x86_64 | 0.2.0 | 7.00 | 80.00 | 87.00 | OK | |
r-patched-linux-x86_64 | 0.2.0 | 8.23 | 48.61 | 56.84 | OK | |
r-release-linux-x86_64 | 0.2.0 | 7.44 | 48.35 | 55.79 | OK | |
r-release-macos-arm64 | 0.2.0 | 34.00 | OK | |||
r-release-macos-x86_64 | 0.2.0 | 62.00 | OK | |||
r-release-windows-x86_64 | 0.2.0 | 8.00 | 79.00 | 87.00 | OK | |
r-oldrel-macos-arm64 | 0.2.0 | 32.00 | OK | |||
r-oldrel-macos-x86_64 | 0.2.0 | 52.00 | OK | |||
r-oldrel-windows-x86_64 | 0.2.0 | 10.00 | 78.00 | 88.00 | OK |
Version: 0.2.0
Check: dependencies in R code
Result: NOTE
Namespace in Imports field not imported from: ‘data.table’
All declared Imports should be used.
Flavors: r-devel-linux-x86_64-fedora-clang, r-devel-linux-x86_64-fedora-gcc