Last updated on 2024-07-01 03:48:59 CEST.
Flavor | Version | Tinstall | Tcheck | Ttotal | Status | Flags |
---|---|---|---|---|---|---|
r-devel-linux-x86_64-debian-clang | 0.4.0 | 4.41 | 65.06 | 69.47 | OK | |
r-devel-linux-x86_64-debian-gcc | 0.4.0 | 3.30 | 48.71 | 52.01 | OK | |
r-devel-linux-x86_64-fedora-clang | 0.4.0 | 86.29 | NOTE | |||
r-devel-linux-x86_64-fedora-gcc | 0.4.0 | 93.92 | NOTE | |||
r-devel-windows-x86_64 | 0.4.0 | 5.00 | 68.00 | 73.00 | OK | |
r-patched-linux-x86_64 | 0.4.0 | 4.95 | 62.54 | 67.49 | OK | |
r-release-linux-x86_64 | 0.4.0 | 4.14 | 61.65 | 65.79 | OK | |
r-release-macos-arm64 | 0.4.0 | 33.00 | OK | |||
r-release-macos-x86_64 | 0.4.0 | 60.00 | OK | |||
r-release-windows-x86_64 | 0.4.0 | 5.00 | 69.00 | 74.00 | OK | |
r-oldrel-macos-arm64 | 0.4.0 | 39.00 | OK | |||
r-oldrel-macos-x86_64 | 0.4.0 | 67.00 | OK | |||
r-oldrel-windows-x86_64 | 0.4.0 | 6.00 | 76.00 | 82.00 | OK |
Version: 0.4.0
Check: data for non-ASCII characters
Result: NOTE
Note: found 3 marked UTF-8 strings
Flavors: r-devel-linux-x86_64-fedora-clang, r-devel-linux-x86_64-fedora-gcc