Last updated on 2024-07-01 03:48:58 CEST.
Flavor | Version | Tinstall | Tcheck | Ttotal | Status | Flags |
---|---|---|---|---|---|---|
r-devel-linux-x86_64-debian-clang | 1.3.0 | 12.29 | 174.55 | 186.84 | NOTE | |
r-devel-linux-x86_64-debian-gcc | 1.3.0 | 10.77 | 121.32 | 132.09 | NOTE | |
r-devel-linux-x86_64-fedora-clang | 1.3.0 | 225.14 | NOTE | |||
r-devel-linux-x86_64-fedora-gcc | 1.3.0 | 226.16 | NOTE | |||
r-devel-windows-x86_64 | 1.3.0 | 12.00 | 145.00 | 157.00 | OK | |
r-patched-linux-x86_64 | 1.3.0 | 14.98 | 161.85 | 176.83 | NOTE | |
r-release-linux-x86_64 | 1.3.0 | 11.57 | 162.69 | 174.26 | NOTE | |
r-release-macos-arm64 | 1.3.0 | 67.00 | OK | |||
r-release-macos-x86_64 | 1.3.0 | 102.00 | OK | |||
r-release-windows-x86_64 | 1.3.0 | 12.00 | 141.00 | 153.00 | OK | |
r-oldrel-macos-arm64 | 1.3.0 | 73.00 | OK | |||
r-oldrel-macos-x86_64 | 1.3.0 | 132.00 | OK | |||
r-oldrel-windows-x86_64 | 1.3.0 | 16.00 | 170.00 | 186.00 | OK |
Version: 1.3.0
Check: for non-standard things in the check directory
Result: NOTE
Found the following files/directories:
‘MDA231_tree.pdf’
Flavors: r-devel-linux-x86_64-debian-clang, r-devel-linux-x86_64-debian-gcc, r-devel-linux-x86_64-fedora-clang, r-devel-linux-x86_64-fedora-gcc, r-patched-linux-x86_64, r-release-linux-x86_64