Last updated on 2024-07-01 03:49:00 CEST.
Flavor | Version | Tinstall | Tcheck | Ttotal | Status | Flags |
---|---|---|---|---|---|---|
r-devel-linux-x86_64-debian-clang | 0.1.0 | 41.62 | 98.87 | 140.49 | OK | |
r-devel-linux-x86_64-debian-gcc | 0.1.0 | 27.63 | 61.06 | 88.69 | OK | |
r-devel-linux-x86_64-fedora-clang | 0.1.0 | 194.17 | NOTE | |||
r-devel-linux-x86_64-fedora-gcc | 0.1.0 | 169.66 | NOTE | |||
r-devel-windows-x86_64 | 0.1.0 | 34.00 | 117.00 | 151.00 | OK | |
r-patched-linux-x86_64 | 0.1.0 | 37.18 | 82.09 | 119.27 | OK | |
r-release-linux-x86_64 | 0.1.0 | 36.78 | 81.19 | 117.97 | OK | |
r-release-macos-arm64 | 0.1.0 | 49.00 | OK | |||
r-release-macos-x86_64 | 0.1.0 | 82.00 | OK | |||
r-release-windows-x86_64 | 0.1.0 | 34.00 | 119.00 | 153.00 | OK | |
r-oldrel-macos-arm64 | 0.1.0 | 60.00 | OK | |||
r-oldrel-macos-x86_64 | 0.1.0 | 90.00 | OK | |||
r-oldrel-windows-x86_64 | 0.1.0 | 44.00 | 133.00 | 177.00 | OK |
Version: 0.1.0
Check: dependencies in R code
Result: NOTE
Namespaces in Imports field not imported from:
‘Rdpack’ ‘grDevices’
All declared Imports should be used.
Flavors: r-devel-linux-x86_64-fedora-clang, r-devel-linux-x86_64-fedora-gcc