Last updated on 2024-07-01 03:48:59 CEST.
Flavor | Version | Tinstall | Tcheck | Ttotal | Status | Flags |
---|---|---|---|---|---|---|
r-devel-linux-x86_64-debian-clang | 1.0.0 | 167.21 | 84.89 | 252.10 | NOTE | |
r-devel-linux-x86_64-debian-gcc | 1.0.0 | 117.32 | 63.35 | 180.67 | NOTE | |
r-devel-linux-x86_64-fedora-clang | 1.0.0 | 346.10 | NOTE | |||
r-devel-linux-x86_64-fedora-gcc | 1.0.0 | 385.60 | NOTE | |||
r-devel-windows-x86_64 | 1.0.0 | 129.00 | 102.00 | 231.00 | NOTE | |
r-patched-linux-x86_64 | 1.0.0 | 136.32 | 79.07 | 215.39 | NOTE | |
r-release-linux-x86_64 | 1.0.0 | 113.06 | 81.88 | 194.94 | NOTE | |
r-release-macos-arm64 | 1.0.0 | 76.00 | NOTE | |||
r-release-macos-x86_64 | 1.0.0 | 92.00 | NOTE | |||
r-release-windows-x86_64 | 1.0.0 | 126.00 | 102.00 | 228.00 | NOTE | |
r-oldrel-macos-arm64 | 1.0.0 | 88.00 | NOTE | |||
r-oldrel-macos-x86_64 | 1.0.0 | 156.00 | NOTE | |||
r-oldrel-windows-x86_64 | 1.0.0 | 155.00 | 119.00 | 274.00 | NOTE |
Version: 1.0.0
Check: C++ specification
Result: NOTE
Specified C++11: please drop specification unless essential
Flavors: r-devel-linux-x86_64-debian-clang, r-devel-linux-x86_64-debian-gcc, r-devel-linux-x86_64-fedora-clang, r-devel-linux-x86_64-fedora-gcc, r-devel-windows-x86_64, r-patched-linux-x86_64, r-release-linux-x86_64, r-release-macos-arm64, r-release-macos-x86_64, r-release-windows-x86_64, r-oldrel-macos-arm64, r-oldrel-macos-x86_64, r-oldrel-windows-x86_64
Version: 1.0.0
Check: installed package size
Result: NOTE
installed size is 16.2Mb
sub-directories of 1Mb or more:
doc 1.8Mb
libs 14.2Mb
Flavors: r-release-macos-arm64, r-release-macos-x86_64, r-oldrel-macos-arm64, r-oldrel-macos-x86_64