Last updated on 2024-07-01 03:48:59 CEST.
Flavor | Version | Tinstall | Tcheck | Ttotal | Status | Flags |
---|---|---|---|---|---|---|
r-devel-linux-x86_64-debian-clang | 1.2.2 | 14.25 | 309.24 | 323.49 | OK | |
r-devel-linux-x86_64-debian-gcc | 1.2.2 | 10.74 | 224.69 | 235.43 | OK | |
r-devel-linux-x86_64-fedora-clang | 1.2.2 | 403.13 | NOTE | |||
r-devel-linux-x86_64-fedora-gcc | 1.2.2 | 403.79 | NOTE | |||
r-devel-windows-x86_64 | 1.2.2 | 16.00 | 200.00 | 216.00 | OK | |
r-patched-linux-x86_64 | 1.2.2 | 14.45 | 308.24 | 322.69 | OK | |
r-release-linux-x86_64 | 1.2.2 | 13.33 | 307.33 | 320.66 | OK | |
r-release-macos-arm64 | 1.2.2 | 100.00 | OK | |||
r-release-macos-x86_64 | 1.2.2 | 175.00 | OK | |||
r-release-windows-x86_64 | 1.2.2 | 13.00 | 196.00 | 209.00 | OK | |
r-oldrel-macos-arm64 | 1.2.2 | 49.00 | OK | |||
r-oldrel-macos-x86_64 | 1.2.2 | 101.00 | OK | |||
r-oldrel-windows-x86_64 | 1.2.2 | 19.00 | 274.00 | 293.00 | OK |
Version: 1.2.2
Check: dependencies in R code
Result: NOTE
Namespaces in Imports field not imported from:
‘circlize’ ‘utils’
All declared Imports should be used.
Flavors: r-devel-linux-x86_64-fedora-clang, r-devel-linux-x86_64-fedora-gcc