Last updated on 2024-07-01 03:48:59 CEST.
Flavor | Version | Tinstall | Tcheck | Ttotal | Status | Flags |
---|---|---|---|---|---|---|
r-devel-linux-x86_64-debian-clang | 0.1.3 | 11.14 | 94.01 | 105.15 | OK | |
r-devel-linux-x86_64-debian-gcc | 0.1.3 | 7.56 | 69.81 | 77.37 | OK | |
r-devel-linux-x86_64-fedora-clang | 0.1.3 | 130.15 | NOTE | |||
r-devel-linux-x86_64-fedora-gcc | 0.1.3 | 123.06 | NOTE | |||
r-devel-windows-x86_64 | 0.1.3 | 10.00 | 85.00 | 95.00 | OK | |
r-patched-linux-x86_64 | 0.1.3 | 11.47 | 86.64 | 98.11 | OK | |
r-release-linux-x86_64 | 0.1.3 | 7.70 | 87.82 | 95.52 | OK | |
r-release-macos-arm64 | 0.1.3 | 41.00 | OK | |||
r-release-macos-x86_64 | 0.1.3 | 58.00 | OK | |||
r-release-windows-x86_64 | 0.1.3 | 12.00 | 88.00 | 100.00 | OK | |
r-oldrel-macos-arm64 | 0.1.3 | 42.00 | OK | |||
r-oldrel-macos-x86_64 | 0.1.3 | 59.00 | OK | |||
r-oldrel-windows-x86_64 | 0.1.3 | 13.00 | 100.00 | 113.00 | OK |
Version: 0.1.3
Check: data for non-ASCII characters
Result: NOTE
Note: found 28982 marked UTF-8 strings
Flavors: r-devel-linux-x86_64-fedora-clang, r-devel-linux-x86_64-fedora-gcc