Last updated on 2024-07-01 03:48:59 CEST.
Flavor | Version | Tinstall | Tcheck | Ttotal | Status | Flags |
---|---|---|---|---|---|---|
r-devel-linux-x86_64-debian-clang | 1.2.0 | 17.66 | 144.39 | 162.05 | OK | |
r-devel-linux-x86_64-debian-gcc | 1.2.0 | 15.35 | 106.21 | 121.56 | OK | |
r-devel-linux-x86_64-fedora-clang | 1.2.0 | 207.17 | NOTE | |||
r-devel-linux-x86_64-fedora-gcc | 1.2.0 | 198.05 | NOTE | |||
r-devel-windows-x86_64 | 1.2.0 | 17.00 | 123.00 | 140.00 | OK | |
r-patched-linux-x86_64 | 1.2.0 | 19.24 | 134.22 | 153.46 | OK | |
r-release-linux-x86_64 | 1.2.0 | 12.91 | 137.88 | 150.79 | OK | |
r-release-macos-arm64 | 1.2.0 | 58.00 | OK | |||
r-release-macos-x86_64 | 1.2.0 | 80.00 | OK | |||
r-release-windows-x86_64 | 1.2.0 | 19.00 | 121.00 | 140.00 | OK | |
r-oldrel-macos-arm64 | 1.2.0 | 60.00 | OK | |||
r-oldrel-macos-x86_64 | 1.2.0 | 95.00 | OK | |||
r-oldrel-windows-x86_64 | 1.2.0 | 23.00 | 151.00 | 174.00 | OK |
Version: 1.2.0
Check: dependencies in R code
Result: NOTE
Namespace in Imports field not imported from: ‘magrittr’
All declared Imports should be used.
Flavors: r-devel-linux-x86_64-fedora-clang, r-devel-linux-x86_64-fedora-gcc