Last updated on 2024-07-01 03:48:58 CEST.
Flavor | Version | Tinstall | Tcheck | Ttotal | Status | Flags |
---|---|---|---|---|---|---|
r-devel-linux-x86_64-debian-clang | 0.2-41 | 5.59 | 53.43 | 59.02 | NOTE | |
r-devel-linux-x86_64-debian-gcc | 0.2-41 | 4.94 | 38.40 | 43.34 | NOTE | |
r-devel-linux-x86_64-fedora-clang | 0.2-41 | 73.50 | NOTE | |||
r-devel-linux-x86_64-fedora-gcc | 0.2-41 | 69.63 | NOTE | |||
r-devel-windows-x86_64 | 0.2-41 | 6.00 | 68.00 | 74.00 | NOTE | |
r-patched-linux-x86_64 | 0.2-41 | 5.88 | 49.72 | 55.60 | NOTE | |
r-release-linux-x86_64 | 0.2-41 | 4.77 | 49.60 | 54.37 | NOTE | |
r-release-macos-arm64 | 0.2-41 | 25.00 | OK | |||
r-release-macos-x86_64 | 0.2-41 | 41.00 | OK | |||
r-release-windows-x86_64 | 0.2-41 | 7.00 | 68.00 | 75.00 | NOTE | |
r-oldrel-macos-arm64 | 0.2-41 | 26.00 | OK | |||
r-oldrel-macos-x86_64 | 0.2-41 | 38.00 | OK | |||
r-oldrel-windows-x86_64 | 0.2-41 | 6.00 | 71.00 | 77.00 | OK |
Version: 0.2-41
Check: HTML version of manual
Result: NOTE
Found the following HTML validation problems:
bayes.lin.reg.html:27:32 (bayes.lin.reg.Rd:77): Warning: trimming empty <code>
bayes.lin.reg.html:32:32 (bayes.lin.reg.Rd:79): Warning: trimming empty <code>
Flavors: r-devel-linux-x86_64-debian-clang, r-devel-linux-x86_64-debian-gcc, r-devel-linux-x86_64-fedora-clang, r-devel-linux-x86_64-fedora-gcc, r-devel-windows-x86_64, r-patched-linux-x86_64, r-release-linux-x86_64, r-release-windows-x86_64