Last updated on 2024-07-01 03:48:58 CEST.
Flavor | Version | Tinstall | Tcheck | Ttotal | Status | Flags |
---|---|---|---|---|---|---|
r-devel-linux-x86_64-debian-clang | 1.0.7 | 51.38 | 418.56 | 469.94 | OK | |
r-devel-linux-x86_64-debian-gcc | 1.0.7 | 48.21 | 313.32 | 361.53 | OK | |
r-devel-linux-x86_64-fedora-clang | 1.0.7 | 601.46 | OK | |||
r-devel-linux-x86_64-fedora-gcc | 1.0.7 | 581.05 | OK | |||
r-devel-windows-x86_64 | 1.0.7 | 47.00 | 281.00 | 328.00 | OK | |
r-patched-linux-x86_64 | 1.0.7 | 44.92 | 391.12 | 436.04 | OK | |
r-release-linux-x86_64 | 1.0.7 | 51.37 | 397.36 | 448.73 | OK | |
r-release-macos-arm64 | 1.0.7 | 92.00 | OK | |||
r-release-macos-x86_64 | 1.0.7 | 175.00 | OK | |||
r-release-windows-x86_64 | 1.0.7 | 48.00 | 276.00 | 324.00 | OK | |
r-oldrel-macos-arm64 | 1.0.7 | 108.00 | OK | |||
r-oldrel-macos-x86_64 | 1.0.7 | 192.00 | OK | |||
r-oldrel-windows-x86_64 | 1.0.7 | 20.00 | 12.00 | 32.00 | ERROR |
Version: 1.0.7
Check: whether package can be installed
Result: ERROR
Installation failed.
Flavor: r-oldrel-windows-x86_64